{"id":10110,"date":"2024-04-29T11:06:45","date_gmt":"2024-04-29T09:06:45","guid":{"rendered":"https:\/\/goethe-schule-harburg.hamburg.de\/?page_id=10110"},"modified":"2026-02-23T11:02:10","modified_gmt":"2026-02-23T10:02:10","slug":"erasmus","status":"publish","type":"page","link":"https:\/\/goethe-schule-harburg.hamburg.de\/?page_id=10110","title":{"rendered":"Erasmus+"},"content":{"rendered":"<table style=\"height: 64px;width: 100.111%;border-collapse: collapse;border-style: hidden\">\n<tbody>\n<tr style=\"height: 64px\">\n<td style=\"width: 50%;text-align: center;height: 64px\"><a href=\"https:\/\/goethe-schule-harburg.hamburg.de\/?page_id=10114\"><img loading=\"lazy\" decoding=\"async\" class=\"alignnone size-medium wp-image-10301\" src=\"https:\/\/goethe-schule-harburg.hamburg.de\/wp-content\/uploads\/sites\/155\/2024\/05\/Tafel-Projekte-SchuelerInnen-300x172.jpg\" alt=\"\" width=\"300\" height=\"172\" srcset=\"https:\/\/goethe-schule-harburg.hamburg.de\/wp-content\/uploads\/sites\/155\/2024\/05\/Tafel-Projekte-SchuelerInnen-300x172.jpg 300w, https:\/\/goethe-schule-harburg.hamburg.de\/wp-content\/uploads\/sites\/155\/2024\/05\/Tafel-Projekte-SchuelerInnen-1024x587.jpg 1024w, https:\/\/goethe-schule-harburg.hamburg.de\/wp-content\/uploads\/sites\/155\/2024\/05\/Tafel-Projekte-SchuelerInnen-768x440.jpg 768w, https:\/\/goethe-schule-harburg.hamburg.de\/wp-content\/uploads\/sites\/155\/2024\/05\/Tafel-Projekte-SchuelerInnen.jpg 1162w\" sizes=\"auto, (max-width: 300px) 100vw, 300px\" \/><\/a><\/td>\n<td style=\"width: 50%;text-align: center;height: 64px\"><a href=\"https:\/\/erasmusplus.schule\/erasmus-fuer\/lehrkraefte-und-paedagogisches-personal\"><img loading=\"lazy\" decoding=\"async\" class=\"alignnone size-medium wp-image-10302\" src=\"https:\/\/goethe-schule-harburg.hamburg.de\/wp-content\/uploads\/sites\/155\/2024\/05\/Tafel-Perspektiven-Lehrkraefte-300x172.jpg\" alt=\"\" width=\"300\" height=\"172\" srcset=\"https:\/\/goethe-schule-harburg.hamburg.de\/wp-content\/uploads\/sites\/155\/2024\/05\/Tafel-Perspektiven-Lehrkraefte-300x172.jpg 300w, https:\/\/goethe-schule-harburg.hamburg.de\/wp-content\/uploads\/sites\/155\/2024\/05\/Tafel-Perspektiven-Lehrkraefte-1024x588.jpg 1024w, https:\/\/goethe-schule-harburg.hamburg.de\/wp-content\/uploads\/sites\/155\/2024\/05\/Tafel-Perspektiven-Lehrkraefte-768x441.jpg 768w, https:\/\/goethe-schule-harburg.hamburg.de\/wp-content\/uploads\/sites\/155\/2024\/05\/Tafel-Perspektiven-Lehrkraefte.jpg 1166w\" sizes=\"auto, (max-width: 300px) 100vw, 300px\" \/><\/a><\/td>\n<\/tr>\n<\/tbody>\n<\/table>\n<p>&nbsp;<\/p>\n<table style=\"width: 100%;border-collapse: collapse;border-style: hidden\">\n<tbody>\n<tr>\n<td style=\"width: 58.571429%\">Die GSH sieht das Erasmus+ Programm als Erg\u00e4nzung des Bildungsangebots. Jedes Projekt hat einen inhaltlichen Schwerpunkt, der an F\u00e4chercurricula der jeweiligen Jahrg\u00e4nge gebunden ist. Dadurch erweitern die Sch\u00fcler:innen ihr Fachwissen und st\u00e4rken ihre Methodenkompetenzen. Durch Erarbeitung eines digitalen Produktes als Ergebnis jeden Projektes st\u00e4rken und erweitern die Teilnehmer:innen ihre digitalen Kompetenzen. In den Projekten steht \u201eProblem- und Handlungsorientiertes Lernen\u201c als Lernmethode im Vordergrund. Hierdurch wird Selbst\u00e4ndigkeit und Teamarbeit gef\u00f6rdert und Motivation und Ausdauer der Sch\u00fclerinnen und Sch\u00fcler gest\u00e4rkt.&nbsp;<\/p>\n<p>F\u00fcr ihren Fokus auf nachhaltige Mobili\u00e4ten und die St\u00e4rkung demokratischer Werte wurde die GSH bereits mit dem Qualit\u00e4tssiegel ausgezeichnet.<\/td>\n<td style=\"width: 41.428571%\"><a href=\"https:\/\/goethe-schule-harburg.hamburg.de\/wp-content\/uploads\/sites\/155\/2026\/02\/KA1_blau_2025_600x375.jpg\" data-rel=\"lightbox\" data-rl_title=\"\" data-rl_caption=\"\" title=\"\"><img loading=\"lazy\" decoding=\"async\" class=\"aligncenter size-full wp-image-12523\" src=\"https:\/\/goethe-schule-harburg.hamburg.de\/wp-content\/uploads\/sites\/155\/2026\/02\/KA1_blau_2025_600x375.jpg\" alt=\"\" width=\"600\" height=\"375\" srcset=\"https:\/\/goethe-schule-harburg.hamburg.de\/wp-content\/uploads\/sites\/155\/2026\/02\/KA1_blau_2025_600x375.jpg 600w, https:\/\/goethe-schule-harburg.hamburg.de\/wp-content\/uploads\/sites\/155\/2026\/02\/KA1_blau_2025_600x375-300x188.jpg 300w\" sizes=\"auto, (max-width: 600px) 100vw, 600px\" \/><\/a><\/td>\n<\/tr>\n<\/tbody>\n<\/table>\n<table style=\"height: 792px;width: 100%;border-collapse: collapse;border-style: hidden\">\n<tbody>\n<tr style=\"height: 792px\">\n<td style=\"width: 100%;height: 792px\"><strong>Wohin geht es?<\/strong><\/p>\n<p>Die GSH bietet ihren Sch\u00fclerinnen und Sch\u00fclern j\u00e4hrlich ab Jahrgangsstufe 8 eine Vielzahl an Austauschprojekten in verschiedene europ\u00e4ische L\u00e4nder, wie z.B. Spanien, Frankreich Norwegen, Schweden, Tschechische Republik, Griechenland etc. Die andere H\u00e4lfte des Austausches findet in Hamburg und an der GSH statt.<\/p>\n<p>Die Liste der Projekte wird j\u00e4hrlich aktualisiert, Angebote angepasst und auf der Homepage der GSH ver\u00f6ffentlich. Die Projekte sind nach Klassenstufen geordnet und decken eine gro\u00dfe Bandbreite an Interessenfeldern ab.<\/p>\n<p><strong>Was muss ich beachten?<\/strong><\/p>\n<p>Grunds\u00e4tzlich sind gutes Sozialverhalten und Interesse de einzigen Kriterien f\u00fcr eine Teilnahme an den Programmen von Erasmus+.<\/p>\n<p>Alle Projekte der GSH sind grunds\u00e4tzlich <strong>Austauschprojekte<\/strong>. Dies bedeutet, dass Sch\u00fclerinnen und Sch\u00fcler in Gastfamilien untergebracht sind und im Gegenzug sich mit der Teilnahme bereiterkl\u00e4ren, Gastsch\u00fcler:innen f\u00fcr die zweite H\u00e4lfte des Austausches aufzunehmen. Dies hat sehr gro\u00dfe Bedeutung f\u00fcr das Erlernen der Fremdsprachen, das Kennenlernen der anderen Kulturen und die Entwicklung von unterschiedlichen Sozialkompetenzen, wie z.B. Toleranz, Selbst\u00e4ndigkeit, Teamarbeit, Kommunikation etc.<\/p>\n<p>Die Projektsprache in allen Projekten ist <span style=\"text-decoration: underline\">Englisch<\/span>. Perfekte Englischkenntnisse sind&nbsp;<strong>nicht<\/strong>&nbsp;notwendig, jedoch solltest du dich auf Englisch verst\u00e4ndigen k\u00f6nnen.<\/p>\n<p>Alle Projekte sind f\u00fcr unsere Sch\u00fclerinnen und Sch\u00fcler vollst\u00e4ndig&nbsp;<strong>kostenlos<\/strong>.<\/p>\n<p><strong>Wie kann ich mich anmelden?<\/strong><\/p>\n<p>Die interaktiven Anmeldeformulare stehen am Ende jedes Schuljahres&nbsp;<strong><a href=\"https:\/\/goethe-schule-harburg.hamburg.de\/?page_id=10135\"><em>hier<\/em><\/a> <\/strong>zum Ausf\u00fcllen bereit. Die Anmeldung wird von Frau Brinkmannova als Leiterin des Erasmus+ Programms an der GSH verwaltet.<\/p>\n<p>Jede:r Sch\u00fcler:in darf sich pro Schuljahr auf maximal <strong>zwei<\/strong> Projekte bewerben.<\/p>\n<p>Es kann sich ab sofort&nbsp;angemeldet werden.<\/td>\n<\/tr>\n<\/tbody>\n<\/table>\n<p>&nbsp;<\/p>\n","protected":false},"excerpt":{"rendered":"<p>&nbsp; Die GSH sieht das Erasmus+ Programm als Erg\u00e4nzung des Bildungsangebots. Jedes Projekt hat einen inhaltlichen Schwerpunkt, der an F\u00e4chercurricula der jeweiligen Jahrg\u00e4nge gebunden ist. Dadurch erweitern die Sch\u00fcler:innen ihr Fachwissen und st\u00e4rken ihre Methodenkompetenzen. Durch Erarbeitung eines digitalen Produktes als Ergebnis jeden Projektes st\u00e4rken und erweitern die Teilnehmer:innen ihre digitalen Kompetenzen. In den Projekten&hellip; <br \/> <a class=\"read-more\" href=\"https:\/\/goethe-schule-harburg.hamburg.de\/?page_id=10110\">Weiterlesen<\/a><\/p>\n","protected":false},"author":1702,"featured_media":0,"parent":0,"menu_order":0,"comment_status":"closed","ping_status":"closed","template":"","meta":{"_acf_changed":false,"footnotes":""},"class_list":["post-10110","page","type-page","status-publish","hentry"],"acf":[],"_links":{"self":[{"href":"https:\/\/goethe-schule-harburg.hamburg.de\/index.php?rest_route=\/wp\/v2\/pages\/10110","targetHints":{"allow":["GET"]}}],"collection":[{"href":"https:\/\/goethe-schule-harburg.hamburg.de\/index.php?rest_route=\/wp\/v2\/pages"}],"about":[{"href":"https:\/\/goethe-schule-harburg.hamburg.de\/index.php?rest_route=\/wp\/v2\/types\/page"}],"author":[{"embeddable":true,"href":"https:\/\/goethe-schule-harburg.hamburg.de\/index.php?rest_route=\/wp\/v2\/users\/1702"}],"replies":[{"embeddable":true,"href":"https:\/\/goethe-schule-harburg.hamburg.de\/index.php?rest_route=%2Fwp%2Fv2%2Fcomments&post=10110"}],"version-history":[{"count":29,"href":"https:\/\/goethe-schule-harburg.hamburg.de\/index.php?rest_route=\/wp\/v2\/pages\/10110\/revisions"}],"predecessor-version":[{"id":12532,"href":"https:\/\/goethe-schule-harburg.hamburg.de\/index.php?rest_route=\/wp\/v2\/pages\/10110\/revisions\/12532"}],"wp:attachment":[{"href":"https:\/\/goethe-schule-harburg.hamburg.de\/index.php?rest_route=%2Fwp%2Fv2%2Fmedia&parent=10110"}],"curies":[{"name":"wp","href":"https:\/\/api.w.org\/{rel}","templated":true}]}}