{"id":2192,"date":"2018-11-03T18:19:45","date_gmt":"2018-11-03T17:19:45","guid":{"rendered":"https:\/\/goethe-schule-harburg.schulhomepages.hamburg.de\/?page_id=2192"},"modified":"2024-02-13T14:06:53","modified_gmt":"2024-02-13T13:06:53","slug":"suedkulturnacht","status":"publish","type":"page","link":"https:\/\/goethe-schule-harburg.hamburg.de\/?page_id=2192","title":{"rendered":"S\u00fcdkulturnacht"},"content":{"rendered":"<p><img loading=\"lazy\" decoding=\"async\" class=\"wp-image-1576 size-medium alignleft\" style=\"float: left\" src=\"https:\/\/goethe-schule-harburg.hamburg.de\/wp-content\/uploads\/sites\/155\/2018\/11\/FotoS\u00fcdkultur6-neu.jpg\" width=\"150\" height=\"200\"><\/p>\n<p>Zum 4. Mal in Folge wurde die Pausenhalle der GSH in einen Nightclub verwandelt. Unsere Schule war auch in diesem Jahr Teil der SuedKultur MusicNight. Verschiedene Gruppen der GSH und der Jugendmusikschule zeigten ein wundervolles und abwechslungsreiches Programm, welches sich dieses Jahr mit viel Jazz, Pop und Singer-Songwriter-Musik gestaltete.<\/p>\n<p>Es starteten die Jungen Solisten der GSH, die mit Popsongs das Publikum begeisterten. Mila Ludowici, Franziska Meller, Emely Damaske, Jette Block, Sehra Mehmeti und Ilayda Kumru wurden von den Sch\u00fclern Armin Sarovovic am Schlagzeug und Gino Reineke an der Gitarre begleitet. Die ehemaligen Sch\u00fclerinnen Zoe Ricarda Niewerth und Philippa Trobisch folgten mit Popballaden, die sie sehr gef\u00fchlvoll darboten.<\/p>\n<p><img loading=\"lazy\" decoding=\"async\" class=\"wp-image-1576 size-medium alignright\" style=\"float: right\" src=\"https:\/\/goethe-schule-harburg.hamburg.de\/wp-content\/uploads\/sites\/155\/2018\/11\/S\u00fcdkuktur5-e1541178210351.jpg\" width=\"200\" height=\"200\"><\/p>\n<p>Im Anschluss spielten \u201eThe Gloves\u201c, eine Oberstufensch\u00fclerband der GSH. Thorge Holst, Felix Oppermann, Azariah Rau und Adrian Goss pr\u00e4sentierten einige Jazzklassiker, die sie sehr professionell und stilsicher zeigten. Vor allem die freie Improvisation der einzelnen Sch\u00fcler war sehr beeindruckend. Als Special Guests hatten sie den Trompeter Jordi Rovir\u00f3 und die S\u00e4ngerin Ronja L\u00fcdemann dabei, die mit ihrem Improvisationstalent und ihrer sicheren Stimmf\u00fchrung \u00fcberzeugten. Es folgten die Sch\u00fclerinnen Hannah Augstein, Vanja Sekac und Robyn O \u0301Regan, die mit einigen Popcovern ihr Talent zum Besten gaben.<\/p>\n<p><img loading=\"lazy\" decoding=\"async\" class=\"wp-image-1576 size-medium alignleft\" style=\"float: left\" src=\"https:\/\/goethe-schule-harburg.hamburg.de\/wp-content\/uploads\/sites\/155\/2018\/11\/FotoS\u00fcdkultur7-neu.jpg\" width=\"150\" height=\"200\"><\/p>\n<p>Die Jugendmusikschule trat unter der Leitung von Hans Sch\u00fcttler mit zwei Bands auf. Die Groovin Birds mit Julius Bartylla, Emanuel Tsch\u00f6pe, Alexander Wiehler und Anwar Hassan spielten sehr rhythmisch verschiedene Jazzstandards. Auch die Band Soundpiece mit Emanuel und Rafaela Tsch\u00f6pe und Piet Jeske begeisterte das Publikum. Vor allem die S\u00e4ngerin Rafaela bot mit ihren zum Teil selbst begleiteten Liedern einen ergreifenden Auftritt.<\/p>\n<p>Um die 100 Zuschauer waren zwischenzeitlich in der Pausenhalle. Ein gro\u00dfer Dank geht noch einmal an die Technik unter der Leitung von R\u00fcdiger Kahlert, an die Klasse von Herrn Eckloff, die an diesem Abend die Bar f\u00fchrte, an die Elternhelfer, an alle beteiligten Kolleginnen und Kollegen, die Kulturschulgruppe, sowie das Hausmeisterehepaar Familie Opitz und das Organisationsteam Jan St\u00f6ver und Ina Lubrich. Es war ein ganz besonderer Abend, der zeigte, dass die musikalische Arbeit an der GSH und der<br \/>\nJugendmusikschule f\u00fcr Harburg goldene Fr\u00fcchte tr\u00e4gt.<\/p>\n<div class=\"rl-gallery-container rl-loading\" id=\"rl-gallery-container-1\" data-gallery_id=\"2186\"> <div class=\"rl-gallery rl-basicgrid-gallery \" id=\"rl-gallery-1\" data-gallery_no=\"1\"> <div class=\"rl-gallery-item\"><a href=\"https:\/\/goethe-schule-harburg.hamburg.de\/wp-content\/uploads\/sites\/155\/2018\/11\/Foto-S\u00fcdkultur1.jpg\" title=\"\" data-rl_title=\"\" class=\"rl-gallery-link\" data-rl_caption=\"\" data-rel=\"lightbox-gallery-1\"><img loading=\"lazy\" decoding=\"async\" src=\"https:\/\/goethe-schule-harburg.hamburg.de\/wp-content\/uploads\/sites\/155\/2018\/11\/Foto-S\u00fcdkultur1-300x199.jpg\" width=\"300\" height=\"199\" alt=\"\" \/><\/a><\/div><div class=\"rl-gallery-item\"><a href=\"https:\/\/goethe-schule-harburg.hamburg.de\/wp-content\/uploads\/sites\/155\/2018\/11\/Foto-S\u00fcdkultur2.jpg\" title=\"\" data-rl_title=\"\" class=\"rl-gallery-link\" data-rl_caption=\"\" data-rel=\"lightbox-gallery-1\"><img loading=\"lazy\" decoding=\"async\" src=\"https:\/\/goethe-schule-harburg.hamburg.de\/wp-content\/uploads\/sites\/155\/2018\/11\/Foto-S\u00fcdkultur2-300x199.jpg\" width=\"300\" height=\"199\" alt=\"\" \/><\/a><\/div><div class=\"rl-gallery-item\"><a href=\"https:\/\/goethe-schule-harburg.hamburg.de\/wp-content\/uploads\/sites\/155\/2018\/11\/Foto-S\u00fcdkultur3.jpg\" title=\"\" data-rl_title=\"\" class=\"rl-gallery-link\" data-rl_caption=\"\" data-rel=\"lightbox-gallery-1\"><img loading=\"lazy\" decoding=\"async\" src=\"https:\/\/goethe-schule-harburg.hamburg.de\/wp-content\/uploads\/sites\/155\/2018\/11\/Foto-S\u00fcdkultur3-300x199.jpg\" width=\"300\" height=\"199\" alt=\"\" \/><\/a><\/div><div class=\"rl-gallery-item\"><a href=\"https:\/\/goethe-schule-harburg.hamburg.de\/wp-content\/uploads\/sites\/155\/2018\/11\/Foto-S\u00fcdkultur4.jpg\" title=\"\" data-rl_title=\"\" class=\"rl-gallery-link\" data-rl_caption=\"\" data-rel=\"lightbox-gallery-1\"><img loading=\"lazy\" decoding=\"async\" src=\"https:\/\/goethe-schule-harburg.hamburg.de\/wp-content\/uploads\/sites\/155\/2018\/11\/Foto-S\u00fcdkultur4-300x199.jpg\" width=\"300\" height=\"199\" alt=\"\" \/><\/a><\/div><div class=\"rl-gallery-item\"><a href=\"https:\/\/goethe-schule-harburg.hamburg.de\/wp-content\/uploads\/sites\/155\/2018\/11\/Foto-S\u00fcdkultur5.jpg\" title=\"\" data-rl_title=\"\" class=\"rl-gallery-link\" data-rl_caption=\"\" data-rel=\"lightbox-gallery-1\"><img loading=\"lazy\" decoding=\"async\" src=\"https:\/\/goethe-schule-harburg.hamburg.de\/wp-content\/uploads\/sites\/155\/2018\/11\/Foto-S\u00fcdkultur5-300x199.jpg\" width=\"300\" height=\"199\" alt=\"\" \/><\/a><\/div> <\/div> <\/div>\n","protected":false},"excerpt":{"rendered":"<p>Zum 4. Mal in Folge wurde die Pausenhalle der GSH in einen Nightclub verwandelt. Unsere Schule war auch in diesem Jahr Teil der SuedKultur MusicNight. Verschiedene Gruppen der GSH und der Jugendmusikschule zeigten ein wundervolles und abwechslungsreiches Programm, welches sich dieses Jahr mit viel Jazz, Pop und Singer-Songwriter-Musik gestaltete. Es starteten die Jungen Solisten der&hellip; <br \/> <a class=\"read-more\" href=\"https:\/\/goethe-schule-harburg.hamburg.de\/?page_id=2192\">Weiterlesen<\/a><\/p>\n","protected":false},"author":889,"featured_media":0,"parent":0,"menu_order":0,"comment_status":"closed","ping_status":"closed","template":"","meta":{"_acf_changed":false,"footnotes":""},"class_list":["post-2192","page","type-page","status-publish","hentry"],"acf":[],"_links":{"self":[{"href":"https:\/\/goethe-schule-harburg.hamburg.de\/index.php?rest_route=\/wp\/v2\/pages\/2192","targetHints":{"allow":["GET"]}}],"collection":[{"href":"https:\/\/goethe-schule-harburg.hamburg.de\/index.php?rest_route=\/wp\/v2\/pages"}],"about":[{"href":"https:\/\/goethe-schule-harburg.hamburg.de\/index.php?rest_route=\/wp\/v2\/types\/page"}],"author":[{"embeddable":true,"href":"https:\/\/goethe-schule-harburg.hamburg.de\/index.php?rest_route=\/wp\/v2\/users\/889"}],"replies":[{"embeddable":true,"href":"https:\/\/goethe-schule-harburg.hamburg.de\/index.php?rest_route=%2Fwp%2Fv2%2Fcomments&post=2192"}],"version-history":[{"count":2,"href":"https:\/\/goethe-schule-harburg.hamburg.de\/index.php?rest_route=\/wp\/v2\/pages\/2192\/revisions"}],"predecessor-version":[{"id":9802,"href":"https:\/\/goethe-schule-harburg.hamburg.de\/index.php?rest_route=\/wp\/v2\/pages\/2192\/revisions\/9802"}],"wp:attachment":[{"href":"https:\/\/goethe-schule-harburg.hamburg.de\/index.php?rest_route=%2Fwp%2Fv2%2Fmedia&parent=2192"}],"curies":[{"name":"wp","href":"https:\/\/api.w.org\/{rel}","templated":true}]}}