{"id":378,"date":"2015-04-14T17:00:01","date_gmt":"2015-04-14T15:00:01","guid":{"rendered":"http:\/\/goethe-schule-harburg.schulhomepages.hamburg.de\/?page_id=378"},"modified":"2022-11-14T12:00:15","modified_gmt":"2022-11-14T11:00:15","slug":"bibliothek","status":"publish","type":"page","link":"https:\/\/goethe-schule-harburg.hamburg.de\/?page_id=378","title":{"rendered":"Bibliothek"},"content":{"rendered":"<h1>SCHULBIBLIOTHEK<\/h1>\n<p>&nbsp;<\/p>\n<p><img loading=\"lazy\" decoding=\"async\" class=\"wp-image-1587 alignright\" src=\"https:\/\/goethe-schule-harburg.hamburg.de\/wp-content\/uploads\/sites\/155\/2015\/04\/schulbibliothek-225x300.jpg\" width=\"300\" height=\"401\">Die Schulbibliothek befindet sich im ersten Stock des V-Geb\u00e4udes, ist t\u00e4glich ge\u00f6ffnet und wird von unseren tollen Eltern betreut.&nbsp; &nbsp; &nbsp; &nbsp; &nbsp; &nbsp; &nbsp;&nbsp;<\/p>\n<p>Sie bietet den Sch\u00fclerinnen und Sch\u00fclern der GSH &#8230;<\/p>\n<p style=\"padding-left: 30px\">&#8230; einen gro\u00dfen, hellen Raum mit vielen Arbeitspl\u00e4tzen<br \/>\n&#8230; die M\u00f6glichkeit zum gemeinsamen Karten- oder Gesellschaftsspiel<br \/>\n&#8230; einen R\u00fcckzugsort in den Pausen und nach der Schule<br \/>\n&#8230; jede Woche einen neuen <a href=\"https:\/\/goethe-schule-harburg.hamburg.de\/?page_id=378#buechertische\">B\u00fcchertisch<\/a> zu unterschiedlichen Themen<br \/>\n&#8230; eine Lehrer-Medien-Tauschb\u00f6rse<br \/>\n&#8230; viele, viele B\u00fccher und H\u00f6rb\u00fccher (ca. 10 000) zum Genie\u00dfen und zum Klugwerden (was sich absolut nicht ausschlie\u00dft!)&nbsp; &nbsp; &nbsp; &nbsp; &nbsp; &nbsp;<\/p>\n<p>&nbsp;<\/p>\n<p>&nbsp;<\/p>\n","protected":false},"excerpt":{"rendered":"<p>SCHULBIBLIOTHEK &nbsp; Die Schulbibliothek befindet sich im ersten Stock des V-Geb\u00e4udes, ist t\u00e4glich ge\u00f6ffnet und wird von unseren tollen Eltern betreut.&nbsp; &nbsp; &nbsp; &nbsp; &nbsp; &nbsp; &nbsp;&nbsp; Sie bietet den Sch\u00fclerinnen und Sch\u00fclern der GSH &#8230; &#8230; einen gro\u00dfen, hellen Raum mit vielen Arbeitspl\u00e4tzen &#8230; die M\u00f6glichkeit zum gemeinsamen Karten- oder Gesellschaftsspiel &#8230; einen R\u00fcckzugsort&hellip; <br \/> <a class=\"read-more\" href=\"https:\/\/goethe-schule-harburg.hamburg.de\/?page_id=378\">Weiterlesen<\/a><\/p>\n","protected":false},"author":186,"featured_media":0,"parent":376,"menu_order":60,"comment_status":"closed","ping_status":"closed","template":"","meta":{"_acf_changed":false,"footnotes":""},"class_list":["post-378","page","type-page","status-publish","hentry"],"acf":[],"_links":{"self":[{"href":"https:\/\/goethe-schule-harburg.hamburg.de\/index.php?rest_route=\/wp\/v2\/pages\/378","targetHints":{"allow":["GET"]}}],"collection":[{"href":"https:\/\/goethe-schule-harburg.hamburg.de\/index.php?rest_route=\/wp\/v2\/pages"}],"about":[{"href":"https:\/\/goethe-schule-harburg.hamburg.de\/index.php?rest_route=\/wp\/v2\/types\/page"}],"author":[{"embeddable":true,"href":"https:\/\/goethe-schule-harburg.hamburg.de\/index.php?rest_route=\/wp\/v2\/users\/186"}],"replies":[{"embeddable":true,"href":"https:\/\/goethe-schule-harburg.hamburg.de\/index.php?rest_route=%2Fwp%2Fv2%2Fcomments&post=378"}],"version-history":[{"count":4,"href":"https:\/\/goethe-schule-harburg.hamburg.de\/index.php?rest_route=\/wp\/v2\/pages\/378\/revisions"}],"predecessor-version":[{"id":8388,"href":"https:\/\/goethe-schule-harburg.hamburg.de\/index.php?rest_route=\/wp\/v2\/pages\/378\/revisions\/8388"}],"up":[{"embeddable":true,"href":"https:\/\/goethe-schule-harburg.hamburg.de\/index.php?rest_route=\/wp\/v2\/pages\/376"}],"wp:attachment":[{"href":"https:\/\/goethe-schule-harburg.hamburg.de\/index.php?rest_route=%2Fwp%2Fv2%2Fmedia&parent=378"}],"curies":[{"name":"wp","href":"https:\/\/api.w.org\/{rel}","templated":true}]}}