{"id":41,"date":"2015-03-06T16:39:23","date_gmt":"2015-03-06T15:39:23","guid":{"rendered":"http:\/\/goethe-schule-harburg.schulhomepages.hamburg.de\/?page_id=41"},"modified":"2024-12-03T09:54:25","modified_gmt":"2024-12-03T08:54:25","slug":"berufsorientierung","status":"publish","type":"page","link":"https:\/\/goethe-schule-harburg.hamburg.de\/?page_id=41","title":{"rendered":"Berufsorientierung"},"content":{"rendered":"<h1>DER WEG IN DEN BERUF ODER ZUM STUDIUM<\/h1>\n<p>&nbsp;<\/p>\n<p><a href=\"https:\/\/goethe-schule-harburg.hamburg.de\/wp-content\/uploads\/sites\/155\/2024\/12\/Berufsorientierung-Mittelstufe-scaled.jpg\" data-rel=\"lightbox\" data-rl_title=\"\" data-rl_caption=\"\" title=\"\"><img loading=\"lazy\" decoding=\"async\" class=\"rahmen aligncenter wp-image-11147 size-full\" src=\"https:\/\/goethe-schule-harburg.hamburg.de\/wp-content\/uploads\/sites\/155\/2024\/12\/Berufsorientierung-Mittelstufe-scaled.jpg\" alt=\"\" width=\"2560\" height=\"1561\" srcset=\"https:\/\/goethe-schule-harburg.hamburg.de\/wp-content\/uploads\/sites\/155\/2024\/12\/Berufsorientierung-Mittelstufe-scaled.jpg 2560w, https:\/\/goethe-schule-harburg.hamburg.de\/wp-content\/uploads\/sites\/155\/2024\/12\/Berufsorientierung-Mittelstufe-300x183.jpg 300w, https:\/\/goethe-schule-harburg.hamburg.de\/wp-content\/uploads\/sites\/155\/2024\/12\/Berufsorientierung-Mittelstufe-1024x624.jpg 1024w, https:\/\/goethe-schule-harburg.hamburg.de\/wp-content\/uploads\/sites\/155\/2024\/12\/Berufsorientierung-Mittelstufe-768x468.jpg 768w, https:\/\/goethe-schule-harburg.hamburg.de\/wp-content\/uploads\/sites\/155\/2024\/12\/Berufsorientierung-Mittelstufe-1536x936.jpg 1536w, https:\/\/goethe-schule-harburg.hamburg.de\/wp-content\/uploads\/sites\/155\/2024\/12\/Berufsorientierung-Mittelstufe-2048x1249.jpg 2048w, https:\/\/goethe-schule-harburg.hamburg.de\/wp-content\/uploads\/sites\/155\/2024\/12\/Berufsorientierung-Mittelstufe-1771x1080.jpg 1771w\" sizes=\"auto, (max-width: 2560px) 100vw, 2560px\" \/><\/a>Zu den wesentlichen Themen der Goethe Schule Harburg geh\u00f6rt der Einstieg in die Berufs- und Studienorientierung mit Beginn im <strong>Jahrgang 8<\/strong>. In der Projektwoche im Herbst, als Seminar organisiert, lernen die Sch\u00fclerinnen und Sch\u00fcler sich selbst besser kennen. Ausgehend von der Grundfrage \u201eWie will ich leben?\u201c erkennen die Sch\u00fcler eigene St\u00e4rken und F\u00e4higkeiten. Sie erwerben Selbstkompetenz. Sie erkunden erste Berufe und Berufsfelder. Zur Vorbereitung der Praktikumsplatzsuche werden das Telefonieren ge\u00fcbt, Bewerbungen geschrieben und Vorstellungsgespr\u00e4che simuliert.<\/p>\n<p>Im Fr\u00fchjahr findet f\u00fcr nicht so leistungsstarke Sch\u00fcler ein zweit\u00e4giges externes Kompetenzfeststellungsverfahren mit einer anschlie\u00dfenden Auswertung statt. Das Berufsinformationszentrum (BIZ) wird am Ende des Schuljahres besucht.<\/p>\n<p>In zwei Praktika in <strong>Jahrgang 9<\/strong> sammeln die Sch\u00fcler praktische Erfahrungen und reflektieren diese in einer Praktikumsmappe. Dar\u00fcber hinaus haben die Sch\u00fcler die M\u00f6glichkeit, an den mit uns kooperierenden sechs Berufsschulen Einblicke in Berufe und Studienm\u00f6glichkeiten in den Bereichen Gastronomie, Informationstechnik, erneuerbare Energien, Metalltechnik, des kaufm\u00e4nnischen Bereichs sowie der Sozialp\u00e4dagogik zu bekommen.<\/p>\n<p>Im <strong>Jahrgang 10<\/strong> steht die Abschluss- bzw. Anschlussorientierung im Vordergrund. Sp\u00e4testens hier m\u00fcssen berufliche Vorstellungen und zu erwartende Abschl\u00fcsse in Einklang gebracht werden. Ein gro\u00dfes Augenmerk wird auf die Orientierung auf die Vorstufe der gymnasialen Oberstufe und den sp\u00e4teren Weg ins m\u00f6gliche Studium einerseits und die direkte und praktische Berufsvorbereitung andererseits gelegt.<\/p>\n<p><strong>In allen drei Jahrg\u00e4ngen<\/strong> werden die Sch\u00fcler von ihrem Klassenlehrer, den bei uns arbeitenden Berufsschullehrern aus den Berufsschulen, unserem Beratungsdienst, den Berufsberatern der Agentur f\u00fcr Arbeit und der Arbeitsstiftung unterst\u00fctzt. Zus\u00e4tzlich nehmen sie am j\u00e4hrlich stattfindenden Berufsinformationstag teil. An diesem Tag informieren die Vertreter von mehr als 50 ausstellenden Hamburger Betrieben unsere Sch\u00fcler in unserer Schule \u00fcber die Berufe, f\u00fcr die sie ausbilden. Direkter kann es kaum gehen. Schon manches sp\u00e4tere Ausbildungsverh\u00e4ltnis konnte an diesem Tag angebahnt werden.<\/p>\n<p>Die Berufs- und Studienorientierung, die in der Mittelstufe beginnt, wird in der <strong>Oberstufe<\/strong> kontinuierlich weitergef\u00fchrt. Berufsberatung, Newsletter zu verschiedenen Themen, berufs- und studienorientierende Angebote wie Besuche bei Universit\u00e4ten, Firmen und Betrieben sind wesentliche Aspekte der Berufs- und Studienorientierung in der Oberstufe. \u00dcber eine schulinterne Internetseite haben die Sch\u00fclerinnen und Sch\u00fcler die M\u00f6glichkeit, sich vielf\u00e4ltig mit dem Thema: &#8222;Abi! Und was dann?&#8220; auseinanderzusetzen.<\/p>\n<p><img loading=\"lazy\" decoding=\"async\" class=\"size-full wp-image-1688 alignleft\" src=\"https:\/\/goethe-schule-harburg.hamburg.de\/wp-content\/uploads\/sites\/155\/2017\/12\/logo-berufsorientierung.jpg\" alt=\"\" width=\"230\" height=\"144\">Die GSH wurde mehrfach f\u00fcr ihre vorbildliche Berufsorientierung ausgezeichnet und erhielt das Qualit\u00e4tssiegel <a href=\"https:\/\/goethe-schule-harburg.hamburg.de\/?page_id=1112\">&#8222;Schule mit vorbildlicher Berufsorientierung&#8220;<\/a>. F\u00fcr die Auszeichnung hat sich die Schule einem umfangreichen Pr\u00fcfverfahren gestellt. Neben einer schriftlichen Darstellung des Konzepts und seiner Umsetzung standen Schulleitung, Kollegium und Sch\u00fcler der externen Jury Rede und Antwort, die die Schule an einem Vormittag auditiert hat.<\/p>\n<p>&nbsp;<\/p>\n<h2>Wichtige Hinweise und hilfreiche Links<\/h2>\n<p>Sammlung von Links zur Bewerbung, zu Ausbildungsberufen, Eignungstests und Lehrstellenangeboten (interessant auch f\u00fcr Eltern):<\/p>\n<p style=\"padding-left: 30px\"><a href=\"https:\/\/goethe-schule-harburg.hamburg.de\/wp-content\/uploads\/sites\/155\/2017\/11\/bo_internetlinks_staerken_jg_8-1.pdf\" rel=\"\">\u2022 Deine St\u00e4rken (Jg. 8)<\/a><\/p>\n<p style=\"padding-left: 30px\"><a href=\"https:\/\/goethe-schule-harburg.hamburg.de\/wp-content\/uploads\/sites\/155\/2017\/11\/bo_internetlinks_ausbildungsplaetze_finden_jg_9_10.pdf\" rel=\"\">\u2022 Einen Ausbildungsplatz finden (Jg. 9-10)<\/a><\/p>\n<p style=\"padding-left: 30px\"><a href=\"https:\/\/goethe-schule-harburg.hamburg.de\/wp-content\/uploads\/sites\/155\/2017\/11\/bo_internetlinks_bewerbungen_betriebliche_ausbildung_jg_9_10.pdf\" rel=\"\">\u2022 Bewerbung um einen betrieblichen Ausbildungsplatz (Jg. 9-10)<\/a><\/p>\n<p style=\"padding-left: 30px\"><a href=\"https:\/\/goethe-schule-harburg.hamburg.de\/wp-content\/uploads\/sites\/155\/2017\/11\/bo_internetlinks_fsj_bfd_nach_10.pdf\" rel=\"\">\u2022 FSJ \/ BFD nach Jg. 10<\/a><\/p>\n<p>Au\u00dferdem hat das Hamburger Institut f\u00fcr berufliche Bildung ein <a href=\"https:\/\/hibb.hamburg.de\/wp-content\/uploads\/sites\/33\/2017\/01\/BBW-2017_BarrierefreiePDF.pdf\" target=\"_blank\" rel=\"noopener\">Handbuch \u201eBerufliche Bildungswege\u201c <\/a>zusammengestellt.<\/p>\n<p>Desweiteren gibt das Landesinstitut f\u00fcr Lehrerbildung und Schulentwicklung mit der aktuellen Termin\u00fcbersicht <a href=\"http:\/\/li.hamburg.de\/contentblob\/4355204\/c2f3607124e9e182f17aa743d10185b7\/data\/pdf-weichen-stellen-termine.pdf\" target=\"_blank\" rel=\"noopener\">&#8222;Weichen stellen&#8220;<\/a> Informationen zu Messen und Informationsveranstaltungen (rund um Ausbildung und Studium, FSJ, Auslandsaufenthalte usw.) bekannt.<\/p>\n","protected":false},"excerpt":{"rendered":"<p>DER WEG IN DEN BERUF ODER ZUM STUDIUM &nbsp; Zu den wesentlichen Themen der Goethe Schule Harburg geh\u00f6rt der Einstieg in die Berufs- und Studienorientierung mit Beginn im Jahrgang 8. In der Projektwoche im Herbst, als Seminar organisiert, lernen die Sch\u00fclerinnen und Sch\u00fcler sich selbst besser kennen. Ausgehend von der Grundfrage \u201eWie will ich leben?\u201c&hellip; <br \/> <a class=\"read-more\" href=\"https:\/\/goethe-schule-harburg.hamburg.de\/?page_id=41\">Weiterlesen<\/a><\/p>\n","protected":false},"author":247,"featured_media":0,"parent":35,"menu_order":40,"comment_status":"open","ping_status":"open","template":"","meta":{"_acf_changed":false,"footnotes":""},"class_list":["post-41","page","type-page","status-publish","hentry"],"acf":[],"_links":{"self":[{"href":"https:\/\/goethe-schule-harburg.hamburg.de\/index.php?rest_route=\/wp\/v2\/pages\/41","targetHints":{"allow":["GET"]}}],"collection":[{"href":"https:\/\/goethe-schule-harburg.hamburg.de\/index.php?rest_route=\/wp\/v2\/pages"}],"about":[{"href":"https:\/\/goethe-schule-harburg.hamburg.de\/index.php?rest_route=\/wp\/v2\/types\/page"}],"author":[{"embeddable":true,"href":"https:\/\/goethe-schule-harburg.hamburg.de\/index.php?rest_route=\/wp\/v2\/users\/247"}],"replies":[{"embeddable":true,"href":"https:\/\/goethe-schule-harburg.hamburg.de\/index.php?rest_route=%2Fwp%2Fv2%2Fcomments&post=41"}],"version-history":[{"count":2,"href":"https:\/\/goethe-schule-harburg.hamburg.de\/index.php?rest_route=\/wp\/v2\/pages\/41\/revisions"}],"predecessor-version":[{"id":11148,"href":"https:\/\/goethe-schule-harburg.hamburg.de\/index.php?rest_route=\/wp\/v2\/pages\/41\/revisions\/11148"}],"up":[{"embeddable":true,"href":"https:\/\/goethe-schule-harburg.hamburg.de\/index.php?rest_route=\/wp\/v2\/pages\/35"}],"wp:attachment":[{"href":"https:\/\/goethe-schule-harburg.hamburg.de\/index.php?rest_route=%2Fwp%2Fv2%2Fmedia&parent=41"}],"curies":[{"name":"wp","href":"https:\/\/api.w.org\/{rel}","templated":true}]}}