{"id":423,"date":"2015-04-14T18:31:39","date_gmt":"2015-04-14T16:31:39","guid":{"rendered":"http:\/\/goethe-schule-harburg.schulhomepages.hamburg.de\/?page_id=423"},"modified":"2023-12-20T08:33:07","modified_gmt":"2023-12-20T07:33:07","slug":"weihnachtskonzert","status":"publish","type":"page","link":"https:\/\/goethe-schule-harburg.hamburg.de\/?page_id=423","title":{"rendered":"Weihnachtskonzert"},"content":{"rendered":"<h1>Weihnachtskonzert 2023<\/h1>\n<p><span style=\"font-size: 12pt\">Es weihnachtete sehr! In der ausverkauften Friedrich-Ebert-Halle zeigten am Freitag <\/span><br \/>\n<span style=\"font-size: 12pt\">weit mehr als 200 Kinder und Jugendliche eindrucksvoll und sympathisch, was in ihnen <\/span><br \/>\n<span style=\"font-size: 12pt\">steckt und stimmten die Besucherinnen und Besucher feierlich auf die Weihnachtszeit ein. <\/span><br \/>\n<span style=\"font-size: 12pt\">In professionellen Abl\u00e4ufen traten alle Musikklassen der Jahrg\u00e4nge 7 bis 10 auf, die Big <\/span><br \/>\n<span style=\"font-size: 12pt\">Band und die Streicher-Teenager, die Ch\u00f6re der Schule (Unterstufenchor GoetheKids und <\/span><br \/>\n<span style=\"font-size: 12pt\">Gospel Train), herausragende Solisten, der Bl\u00e4serkreis und Mixed Experience. <\/span><br \/>\n<span style=\"font-size: 12pt\">Auf diesen Tag wurde wochenlang hingearbeitet und es konnte die ganze Bandbreite des <\/span><br \/>\n<span style=\"font-size: 12pt\">Musiklebens der Schule bestaunt werden: Die 5.Kl\u00e4ssler standen zum ersten Mal auf einer <\/span><br \/>\n<span style=\"font-size: 12pt\">gro\u00dfen B\u00fchne und steckten sich mit der Begeisterung f\u00fcr Musik an. Zum anderen gl\u00e4nzten <\/span><br \/>\n<span style=\"font-size: 12pt\">hochkar\u00e4tige Solisten und fortgeschrittene Klassen mit anspruchsvollen und klangsensibel <\/span><br \/>\n<span style=\"font-size: 12pt\">vorgetragenen Kompositionen <\/span><br \/>\n<span style=\"font-size: 12pt\">Die jungen Musikerinnen und Musiker sammelten pr\u00e4gende B\u00fchnenerlebnisse, denn <\/span><br \/>\n<span style=\"font-size: 12pt\">Aufregung, Spannung, Gemeinschaftserleben und verdienter Applaus geh\u00f6ren dazu. <\/span><br \/>\n<span style=\"font-size: 12pt\">Gl\u00fccklich zeigte sich Schulleiter Jan-Henning Preu\u00dfe: \u201eDas Weihnachtskonzert ist das <\/span><br \/>\n<span style=\"font-size: 12pt\">kulturelle Highlight der Goethe-Schule-Harburg, an dem die gesamte Schulgemeinschaft <\/span><br \/>\n<span style=\"font-size: 12pt\">beteiligt ist und Unglaubliches leistet. Ein sch\u00f6neres Geschenk kann sich eine Schule <\/span><br \/>\n<span style=\"font-size: 12pt\">nicht machen.\u201c <\/span><br \/>\n<span style=\"font-size: 12pt\">\u201eDat Joar geiht to ind\u201c und wieder ist unseren Sch\u00fclerinnen und Sch\u00fclern ein gro\u00dfartiges <\/span><br \/>\n<span style=\"font-size: 12pt\">Weihnachtskonzert gelungen, das die begeisterten G\u00e4ste anr\u00fchrte, staunen und mitsingen <\/span><br \/>\n<span style=\"font-size: 12pt\">lie\u00df und einfach gl\u00fccklich machte. <\/span><br \/>\n<span style=\"font-size: 12pt\">Ein gro\u00dfer Dank an alle Mitwirkenden, alle Helfer auf und hinter der B\u00fchne, im Foyer und <\/span><br \/>\n<span style=\"font-size: 12pt\">auf dem Rang \u2013 ihr habt Gro\u00dfartiges m\u00f6glich gemacht!<\/span><\/p>\n<p>FOTOS: ULF HELLWIG&nbsp;<\/p>\n<div id=\"metaslider-id-9638\" style=\"max-width: 750px;\" class=\"ml-slider-3-107-0 metaslider metaslider-flex metaslider-9638 ml-slider ms-theme-default nav-hidden\" role=\"region\" aria-label=\"Weihnachtskonzert 2023\" data-height=\"230\" data-width=\"750\">\n    <div id=\"metaslider_container_9638\">\n        <div id=\"metaslider_9638\">\n            <ul class='slides'>\n                <li style=\"display: block; width: 100%;\" class=\"slide-9639 ms-image \" aria-roledescription=\"slide\" data-date=\"2023-12-20 08:32:18\" data-filename=\"GSH-Weihnachtskonzert-\u00b423-27-1-scaled.jpg\" data-slide-type=\"image\"><img loading=\"lazy\" decoding=\"async\" width=\"2560\" height=\"1704\" src=\"https:\/\/goethe-schule-harburg.hamburg.de\/wp-content\/uploads\/sites\/155\/2023\/12\/GSH-Weihnachtskonzert-\u00b423-27-1-scaled.jpg\" class=\"slider-9638 slide-9639 msDefaultImage\" alt=\"\" rel=\"\" title=\"GSH Weihnachtskonzert \u00b423-27\" srcset=\"https:\/\/goethe-schule-harburg.hamburg.de\/wp-content\/uploads\/sites\/155\/2023\/12\/GSH-Weihnachtskonzert-\u00b423-27-1-scaled.jpg 2560w, https:\/\/goethe-schule-harburg.hamburg.de\/wp-content\/uploads\/sites\/155\/2023\/12\/GSH-Weihnachtskonzert-\u00b423-27-1-300x200.jpg 300w, https:\/\/goethe-schule-harburg.hamburg.de\/wp-content\/uploads\/sites\/155\/2023\/12\/GSH-Weihnachtskonzert-\u00b423-27-1-1024x682.jpg 1024w, https:\/\/goethe-schule-harburg.hamburg.de\/wp-content\/uploads\/sites\/155\/2023\/12\/GSH-Weihnachtskonzert-\u00b423-27-1-768x511.jpg 768w, https:\/\/goethe-schule-harburg.hamburg.de\/wp-content\/uploads\/sites\/155\/2023\/12\/GSH-Weihnachtskonzert-\u00b423-27-1-1536x1022.jpg 1536w, https:\/\/goethe-schule-harburg.hamburg.de\/wp-content\/uploads\/sites\/155\/2023\/12\/GSH-Weihnachtskonzert-\u00b423-27-1-2048x1363.jpg 2048w, https:\/\/goethe-schule-harburg.hamburg.de\/wp-content\/uploads\/sites\/155\/2023\/12\/GSH-Weihnachtskonzert-\u00b423-27-1-1623x1080.jpg 1623w\" sizes=\"auto, (max-width: 2560px) 100vw, 2560px\" \/><\/li>\n                <li style=\"display: none; width: 100%;\" class=\"slide-9640 ms-image \" aria-roledescription=\"slide\" data-date=\"2023-12-20 08:32:19\" data-filename=\"GSH-Weihnachtskonzert-\u00b423-112-scaled.jpg\" data-slide-type=\"image\"><img loading=\"lazy\" decoding=\"async\" width=\"2560\" height=\"1709\" src=\"https:\/\/goethe-schule-harburg.hamburg.de\/wp-content\/uploads\/sites\/155\/2023\/12\/GSH-Weihnachtskonzert-\u00b423-112-scaled.jpg\" class=\"slider-9638 slide-9640 msDefaultImage\" alt=\"\" rel=\"\" title=\"GSH Weihnachtskonzert \u00b423-112\" srcset=\"https:\/\/goethe-schule-harburg.hamburg.de\/wp-content\/uploads\/sites\/155\/2023\/12\/GSH-Weihnachtskonzert-\u00b423-112-scaled.jpg 2560w, https:\/\/goethe-schule-harburg.hamburg.de\/wp-content\/uploads\/sites\/155\/2023\/12\/GSH-Weihnachtskonzert-\u00b423-112-300x200.jpg 300w, https:\/\/goethe-schule-harburg.hamburg.de\/wp-content\/uploads\/sites\/155\/2023\/12\/GSH-Weihnachtskonzert-\u00b423-112-1024x684.jpg 1024w, https:\/\/goethe-schule-harburg.hamburg.de\/wp-content\/uploads\/sites\/155\/2023\/12\/GSH-Weihnachtskonzert-\u00b423-112-768x513.jpg 768w, https:\/\/goethe-schule-harburg.hamburg.de\/wp-content\/uploads\/sites\/155\/2023\/12\/GSH-Weihnachtskonzert-\u00b423-112-1536x1025.jpg 1536w, https:\/\/goethe-schule-harburg.hamburg.de\/wp-content\/uploads\/sites\/155\/2023\/12\/GSH-Weihnachtskonzert-\u00b423-112-2048x1367.jpg 2048w, https:\/\/goethe-schule-harburg.hamburg.de\/wp-content\/uploads\/sites\/155\/2023\/12\/GSH-Weihnachtskonzert-\u00b423-112-1618x1080.jpg 1618w\" sizes=\"auto, (max-width: 2560px) 100vw, 2560px\" \/><\/li>\n                <li style=\"display: none; width: 100%;\" class=\"slide-9641 ms-image \" aria-roledescription=\"slide\" data-date=\"2023-12-20 08:32:19\" data-filename=\"GSH-Weihnachtskonzert-\u00b423-59-scaled.jpg\" data-slide-type=\"image\"><img loading=\"lazy\" decoding=\"async\" width=\"2560\" height=\"1704\" src=\"https:\/\/goethe-schule-harburg.hamburg.de\/wp-content\/uploads\/sites\/155\/2023\/12\/GSH-Weihnachtskonzert-\u00b423-59-scaled.jpg\" class=\"slider-9638 slide-9641 msDefaultImage\" alt=\"\" rel=\"\" title=\"GSH Weihnachtskonzert \u00b423-59\" srcset=\"https:\/\/goethe-schule-harburg.hamburg.de\/wp-content\/uploads\/sites\/155\/2023\/12\/GSH-Weihnachtskonzert-\u00b423-59-scaled.jpg 2560w, https:\/\/goethe-schule-harburg.hamburg.de\/wp-content\/uploads\/sites\/155\/2023\/12\/GSH-Weihnachtskonzert-\u00b423-59-300x200.jpg 300w, https:\/\/goethe-schule-harburg.hamburg.de\/wp-content\/uploads\/sites\/155\/2023\/12\/GSH-Weihnachtskonzert-\u00b423-59-1024x682.jpg 1024w, https:\/\/goethe-schule-harburg.hamburg.de\/wp-content\/uploads\/sites\/155\/2023\/12\/GSH-Weihnachtskonzert-\u00b423-59-768x511.jpg 768w, https:\/\/goethe-schule-harburg.hamburg.de\/wp-content\/uploads\/sites\/155\/2023\/12\/GSH-Weihnachtskonzert-\u00b423-59-1536x1022.jpg 1536w, https:\/\/goethe-schule-harburg.hamburg.de\/wp-content\/uploads\/sites\/155\/2023\/12\/GSH-Weihnachtskonzert-\u00b423-59-2048x1363.jpg 2048w, https:\/\/goethe-schule-harburg.hamburg.de\/wp-content\/uploads\/sites\/155\/2023\/12\/GSH-Weihnachtskonzert-\u00b423-59-1623x1080.jpg 1623w\" sizes=\"auto, (max-width: 2560px) 100vw, 2560px\" \/><\/li>\n                <li style=\"display: none; width: 100%;\" class=\"slide-9642 ms-image \" aria-roledescription=\"slide\" data-date=\"2023-12-20 08:32:19\" data-filename=\"GSH-Weihnachtskonzert-\u00b423-58-scaled.jpg\" data-slide-type=\"image\"><img loading=\"lazy\" decoding=\"async\" width=\"2560\" height=\"1704\" src=\"https:\/\/goethe-schule-harburg.hamburg.de\/wp-content\/uploads\/sites\/155\/2023\/12\/GSH-Weihnachtskonzert-\u00b423-58-scaled.jpg\" class=\"slider-9638 slide-9642 msDefaultImage\" alt=\"\" rel=\"\" title=\"GSH Weihnachtskonzert \u00b423-58\" srcset=\"https:\/\/goethe-schule-harburg.hamburg.de\/wp-content\/uploads\/sites\/155\/2023\/12\/GSH-Weihnachtskonzert-\u00b423-58-scaled.jpg 2560w, https:\/\/goethe-schule-harburg.hamburg.de\/wp-content\/uploads\/sites\/155\/2023\/12\/GSH-Weihnachtskonzert-\u00b423-58-300x200.jpg 300w, https:\/\/goethe-schule-harburg.hamburg.de\/wp-content\/uploads\/sites\/155\/2023\/12\/GSH-Weihnachtskonzert-\u00b423-58-1024x682.jpg 1024w, https:\/\/goethe-schule-harburg.hamburg.de\/wp-content\/uploads\/sites\/155\/2023\/12\/GSH-Weihnachtskonzert-\u00b423-58-768x511.jpg 768w, https:\/\/goethe-schule-harburg.hamburg.de\/wp-content\/uploads\/sites\/155\/2023\/12\/GSH-Weihnachtskonzert-\u00b423-58-1536x1022.jpg 1536w, https:\/\/goethe-schule-harburg.hamburg.de\/wp-content\/uploads\/sites\/155\/2023\/12\/GSH-Weihnachtskonzert-\u00b423-58-2048x1363.jpg 2048w, https:\/\/goethe-schule-harburg.hamburg.de\/wp-content\/uploads\/sites\/155\/2023\/12\/GSH-Weihnachtskonzert-\u00b423-58-1623x1080.jpg 1623w\" sizes=\"auto, (max-width: 2560px) 100vw, 2560px\" \/><\/li>\n                <li style=\"display: none; width: 100%;\" class=\"slide-9643 ms-image \" aria-roledescription=\"slide\" data-date=\"2023-12-20 08:32:20\" data-filename=\"GSH-Weihnachtskonzert-\u00b423-27-scaled.jpg\" data-slide-type=\"image\"><img loading=\"lazy\" decoding=\"async\" width=\"2560\" height=\"1704\" src=\"https:\/\/goethe-schule-harburg.hamburg.de\/wp-content\/uploads\/sites\/155\/2023\/12\/GSH-Weihnachtskonzert-\u00b423-27-scaled.jpg\" class=\"slider-9638 slide-9643 msDefaultImage\" alt=\"\" rel=\"\" title=\"GSH Weihnachtskonzert \u00b423-27\" srcset=\"https:\/\/goethe-schule-harburg.hamburg.de\/wp-content\/uploads\/sites\/155\/2023\/12\/GSH-Weihnachtskonzert-\u00b423-27-scaled.jpg 2560w, https:\/\/goethe-schule-harburg.hamburg.de\/wp-content\/uploads\/sites\/155\/2023\/12\/GSH-Weihnachtskonzert-\u00b423-27-300x200.jpg 300w, https:\/\/goethe-schule-harburg.hamburg.de\/wp-content\/uploads\/sites\/155\/2023\/12\/GSH-Weihnachtskonzert-\u00b423-27-1024x682.jpg 1024w, https:\/\/goethe-schule-harburg.hamburg.de\/wp-content\/uploads\/sites\/155\/2023\/12\/GSH-Weihnachtskonzert-\u00b423-27-768x511.jpg 768w, https:\/\/goethe-schule-harburg.hamburg.de\/wp-content\/uploads\/sites\/155\/2023\/12\/GSH-Weihnachtskonzert-\u00b423-27-1536x1022.jpg 1536w, https:\/\/goethe-schule-harburg.hamburg.de\/wp-content\/uploads\/sites\/155\/2023\/12\/GSH-Weihnachtskonzert-\u00b423-27-2048x1363.jpg 2048w, https:\/\/goethe-schule-harburg.hamburg.de\/wp-content\/uploads\/sites\/155\/2023\/12\/GSH-Weihnachtskonzert-\u00b423-27-1623x1080.jpg 1623w\" sizes=\"auto, (max-width: 2560px) 100vw, 2560px\" \/><\/li>\n                <li style=\"display: none; width: 100%;\" class=\"slide-9644 ms-image \" aria-roledescription=\"slide\" data-date=\"2023-12-20 08:32:20\" data-filename=\"GSH-Weihnachtskonzert-\u00b423-13-scaled.jpg\" data-slide-type=\"image\"><img loading=\"lazy\" decoding=\"async\" width=\"2560\" height=\"1709\" src=\"https:\/\/goethe-schule-harburg.hamburg.de\/wp-content\/uploads\/sites\/155\/2023\/12\/GSH-Weihnachtskonzert-\u00b423-13-scaled.jpg\" class=\"slider-9638 slide-9644 msDefaultImage\" alt=\"\" rel=\"\" title=\"GSH Weihnachtskonzert \u00b423-13\" srcset=\"https:\/\/goethe-schule-harburg.hamburg.de\/wp-content\/uploads\/sites\/155\/2023\/12\/GSH-Weihnachtskonzert-\u00b423-13-scaled.jpg 2560w, https:\/\/goethe-schule-harburg.hamburg.de\/wp-content\/uploads\/sites\/155\/2023\/12\/GSH-Weihnachtskonzert-\u00b423-13-300x200.jpg 300w, https:\/\/goethe-schule-harburg.hamburg.de\/wp-content\/uploads\/sites\/155\/2023\/12\/GSH-Weihnachtskonzert-\u00b423-13-1024x684.jpg 1024w, https:\/\/goethe-schule-harburg.hamburg.de\/wp-content\/uploads\/sites\/155\/2023\/12\/GSH-Weihnachtskonzert-\u00b423-13-768x513.jpg 768w, https:\/\/goethe-schule-harburg.hamburg.de\/wp-content\/uploads\/sites\/155\/2023\/12\/GSH-Weihnachtskonzert-\u00b423-13-1536x1025.jpg 1536w, https:\/\/goethe-schule-harburg.hamburg.de\/wp-content\/uploads\/sites\/155\/2023\/12\/GSH-Weihnachtskonzert-\u00b423-13-2048x1367.jpg 2048w, https:\/\/goethe-schule-harburg.hamburg.de\/wp-content\/uploads\/sites\/155\/2023\/12\/GSH-Weihnachtskonzert-\u00b423-13-1618x1080.jpg 1618w\" sizes=\"auto, (max-width: 2560px) 100vw, 2560px\" \/><\/li>\n                <li style=\"display: none; width: 100%;\" class=\"slide-9645 ms-image \" aria-roledescription=\"slide\" data-date=\"2023-12-20 08:32:20\" data-filename=\"GSH-Weihnachtskonzert-\u00b423-25-scaled.jpg\" data-slide-type=\"image\"><img loading=\"lazy\" decoding=\"async\" width=\"1704\" height=\"2560\" src=\"https:\/\/goethe-schule-harburg.hamburg.de\/wp-content\/uploads\/sites\/155\/2023\/12\/GSH-Weihnachtskonzert-\u00b423-25-scaled.jpg\" class=\"slider-9638 slide-9645 msDefaultImage\" alt=\"\" rel=\"\" title=\"GSH Weihnachtskonzert \u00b423-25\" srcset=\"https:\/\/goethe-schule-harburg.hamburg.de\/wp-content\/uploads\/sites\/155\/2023\/12\/GSH-Weihnachtskonzert-\u00b423-25-scaled.jpg 1704w, https:\/\/goethe-schule-harburg.hamburg.de\/wp-content\/uploads\/sites\/155\/2023\/12\/GSH-Weihnachtskonzert-\u00b423-25-200x300.jpg 200w, https:\/\/goethe-schule-harburg.hamburg.de\/wp-content\/uploads\/sites\/155\/2023\/12\/GSH-Weihnachtskonzert-\u00b423-25-682x1024.jpg 682w, https:\/\/goethe-schule-harburg.hamburg.de\/wp-content\/uploads\/sites\/155\/2023\/12\/GSH-Weihnachtskonzert-\u00b423-25-768x1154.jpg 768w, https:\/\/goethe-schule-harburg.hamburg.de\/wp-content\/uploads\/sites\/155\/2023\/12\/GSH-Weihnachtskonzert-\u00b423-25-1022x1536.jpg 1022w, https:\/\/goethe-schule-harburg.hamburg.de\/wp-content\/uploads\/sites\/155\/2023\/12\/GSH-Weihnachtskonzert-\u00b423-25-1363x2048.jpg 1363w, https:\/\/goethe-schule-harburg.hamburg.de\/wp-content\/uploads\/sites\/155\/2023\/12\/GSH-Weihnachtskonzert-\u00b423-25-1024x1538.jpg 1024w, https:\/\/goethe-schule-harburg.hamburg.de\/wp-content\/uploads\/sites\/155\/2023\/12\/GSH-Weihnachtskonzert-\u00b423-25-719x1080.jpg 719w\" sizes=\"auto, (max-width: 1704px) 100vw, 1704px\" \/><\/li>\n                <li style=\"display: none; width: 100%;\" class=\"slide-9646 ms-image \" aria-roledescription=\"slide\" data-date=\"2023-12-20 08:32:20\" data-filename=\"GSH-Weihnachtskonzert-\u00b423-2-scaled.jpg\" data-slide-type=\"image\"><img loading=\"lazy\" decoding=\"async\" width=\"2560\" height=\"1704\" src=\"https:\/\/goethe-schule-harburg.hamburg.de\/wp-content\/uploads\/sites\/155\/2023\/12\/GSH-Weihnachtskonzert-\u00b423-2-scaled.jpg\" class=\"slider-9638 slide-9646 msDefaultImage\" alt=\"\" rel=\"\" title=\"GSH Weihnachtskonzert \u00b423-2\" srcset=\"https:\/\/goethe-schule-harburg.hamburg.de\/wp-content\/uploads\/sites\/155\/2023\/12\/GSH-Weihnachtskonzert-\u00b423-2-scaled.jpg 2560w, https:\/\/goethe-schule-harburg.hamburg.de\/wp-content\/uploads\/sites\/155\/2023\/12\/GSH-Weihnachtskonzert-\u00b423-2-300x200.jpg 300w, https:\/\/goethe-schule-harburg.hamburg.de\/wp-content\/uploads\/sites\/155\/2023\/12\/GSH-Weihnachtskonzert-\u00b423-2-1024x682.jpg 1024w, https:\/\/goethe-schule-harburg.hamburg.de\/wp-content\/uploads\/sites\/155\/2023\/12\/GSH-Weihnachtskonzert-\u00b423-2-768x511.jpg 768w, https:\/\/goethe-schule-harburg.hamburg.de\/wp-content\/uploads\/sites\/155\/2023\/12\/GSH-Weihnachtskonzert-\u00b423-2-1536x1022.jpg 1536w, https:\/\/goethe-schule-harburg.hamburg.de\/wp-content\/uploads\/sites\/155\/2023\/12\/GSH-Weihnachtskonzert-\u00b423-2-2048x1363.jpg 2048w, https:\/\/goethe-schule-harburg.hamburg.de\/wp-content\/uploads\/sites\/155\/2023\/12\/GSH-Weihnachtskonzert-\u00b423-2-1623x1080.jpg 1623w\" sizes=\"auto, (max-width: 2560px) 100vw, 2560px\" \/><\/li>\n                <li style=\"display: none; width: 100%;\" class=\"slide-9647 ms-image \" aria-roledescription=\"slide\" data-date=\"2023-12-20 08:32:21\" data-filename=\"GSH-Weihnachtskonzert-\u00b423-117-scaled.jpg\" data-slide-type=\"image\"><img loading=\"lazy\" decoding=\"async\" width=\"2560\" height=\"1704\" src=\"https:\/\/goethe-schule-harburg.hamburg.de\/wp-content\/uploads\/sites\/155\/2023\/12\/GSH-Weihnachtskonzert-\u00b423-117-scaled.jpg\" class=\"slider-9638 slide-9647 msDefaultImage\" alt=\"\" rel=\"\" title=\"GSH Weihnachtskonzert \u00b423-117\" srcset=\"https:\/\/goethe-schule-harburg.hamburg.de\/wp-content\/uploads\/sites\/155\/2023\/12\/GSH-Weihnachtskonzert-\u00b423-117-scaled.jpg 2560w, https:\/\/goethe-schule-harburg.hamburg.de\/wp-content\/uploads\/sites\/155\/2023\/12\/GSH-Weihnachtskonzert-\u00b423-117-300x200.jpg 300w, https:\/\/goethe-schule-harburg.hamburg.de\/wp-content\/uploads\/sites\/155\/2023\/12\/GSH-Weihnachtskonzert-\u00b423-117-1024x682.jpg 1024w, https:\/\/goethe-schule-harburg.hamburg.de\/wp-content\/uploads\/sites\/155\/2023\/12\/GSH-Weihnachtskonzert-\u00b423-117-768x511.jpg 768w, https:\/\/goethe-schule-harburg.hamburg.de\/wp-content\/uploads\/sites\/155\/2023\/12\/GSH-Weihnachtskonzert-\u00b423-117-1536x1022.jpg 1536w, https:\/\/goethe-schule-harburg.hamburg.de\/wp-content\/uploads\/sites\/155\/2023\/12\/GSH-Weihnachtskonzert-\u00b423-117-2048x1363.jpg 2048w, https:\/\/goethe-schule-harburg.hamburg.de\/wp-content\/uploads\/sites\/155\/2023\/12\/GSH-Weihnachtskonzert-\u00b423-117-1623x1080.jpg 1623w\" sizes=\"auto, (max-width: 2560px) 100vw, 2560px\" \/><\/li>\n            <\/ul>\n        <\/div>\n        \n    <\/div>\n<\/div>\n<h1>DAS WEIHNACHTSKONZERT<\/h1>\n<p>&nbsp;<\/p>\n<p><img loading=\"lazy\" decoding=\"async\" class=\"alignleft wp-image-869 size-full\" src=\"https:\/\/goethe-schule-harburg.hamburg.de\/wp-content\/uploads\/sites\/155\/2015\/04\/weihnachtskozert-01_klein.jpg\" alt=\"\" width=\"300\" height=\"450\" srcset=\"https:\/\/goethe-schule-harburg.hamburg.de\/wp-content\/uploads\/sites\/155\/2015\/04\/weihnachtskozert-01_klein.jpg 300w, https:\/\/goethe-schule-harburg.hamburg.de\/wp-content\/uploads\/sites\/155\/2015\/04\/weihnachtskozert-01_klein-200x300.jpg 200w\" sizes=\"auto, (max-width: 300px) 100vw, 300px\" \/>Am 20. Dezember 1989 war es soweit: Unter dem Motto \u201eDat Joahr geiht to Ind\u201c fand das erste Weihnachtskonzert der GSH &#8211; damals noch im Harburger Rieckhof &#8211; statt. Innerhalb k\u00fcrzester Zeit waren alle Karten vergriffen. Es entstand eine faszinierende Mischung aus engem Gewusel und gespannter Konzentration. Der Funke aufs Publikum sprang sofort \u00fcber. Sch\u00fcler und Eltern feierten sich gleicherma\u00dfen. Besonders das gemeinsame Singen von Weihnachtsliedern wurde sehr gut aufgenommen und ist seitdem fester Bestandteil in jedem Jahr. Inzwischen gibt es mehrere Ch\u00f6re an der GSH.<\/p>\n<p>Seit 1995 finden die Weihnachtskonzerte aufgrund des stetig gestiegenen Zuschauerinteresses in der bisher stets ausverkauften Friedrich-Ebert-Halle statt. In jedem Jahr gibt es kleine Besonderheiten. Mal wurde eine k\u00fcrzere Musicalproduktion wie \u201eAuweianachtsmann\u201c oder \u201eTabaluga\u201c aufgef\u00fchrt, mal wurde intensiver getanzt. Bisweilen konnte man einen Abteilungsleiter sichten, der im B\u00e4renkost\u00fcm als singender Balou die Herzen der Zuschauer eroberte. Mit Liedern wie \u201eCasatschok\u201c, \u201eDat Joahr geiht to Ind\u201c und \u201eVon guten M\u00e4chten\u201c wurden GSH-eigene Hits geschaffen.<\/p>\n<p>Ohne den gro\u00dfen Idealismus s\u00e4mtlicher Musikkolleginnen und -kollegen, weit \u00fcber die t\u00e4gliche Unterrichtst\u00e4tigkeit Extraproben einzulegen und sich mit ihrer Arbeit auch \u00f6ffentlicher Kritik zu stellen, w\u00e4ren diese Konzerte nicht denkbar. Alle Beteiligten wissen, wie viel Flei\u00df und Arbeit der Aufbau der B\u00fchne, die Technik und nat\u00fcrlich das Einstudieren der Musikst\u00fccke kostet. Aber was w\u00e4re die Schule ohne die Begeisterungsf\u00e4higkeit ihrer Sch\u00fclerinnen und Sch\u00fcler, die all das \u00fcberhaupt erst m\u00f6glich machen?<\/p>\n<p>&nbsp;<br \/>\n<strong>Eindr\u00fccke von den Weihnachtskonzerten der vergangenen Jahre finden Sie hier:<\/strong><\/p>\n<p style=\"padding-left: 30px\"><a href=\"https:\/\/goethe-schule-harburg.hamburg.de\/?page_id=7121\" rel=\"\">\u2022 Der Weihnachtsgru\u00df 2020<\/a><\/p>\n<p style=\"padding-left: 30px\"><a href=\"https:\/\/goethe-schule-harburg.hamburg.de\/?p=2223\" rel=\"\">\u2022 Die Weihnachtskonzerte 2018<\/a><\/p>\n<p style=\"padding-left: 30px\"><a href=\"https:\/\/goethe-schule-harburg.hamburg.de\/?p=1834\" rel=\"\">\u2022 Die Weihnachtskonzerte 2017<\/a><\/p>\n<p style=\"padding-left: 30px\"><a href=\"https:\/\/goethe-schule-harburg.hamburg.de\/?p=1487\" rel=\"\">\u2022 Die Weihnachtskonzerte 2016<\/a><\/p>\n<p style=\"padding-left: 30px\"><a href=\"https:\/\/goethe-schule-harburg.hamburg.de\/?p=1066\" rel=\"\">\u2022 Die Weihnachtskonzerte 2015<\/a><\/p>\n<p>&nbsp;<\/p>\n","protected":false},"excerpt":{"rendered":"<p>Weihnachtskonzert 2023 Es weihnachtete sehr! In der ausverkauften Friedrich-Ebert-Halle zeigten am Freitag weit mehr als 200 Kinder und Jugendliche eindrucksvoll und sympathisch, was in ihnen steckt und stimmten die Besucherinnen und Besucher feierlich auf die Weihnachtszeit ein. In professionellen Abl\u00e4ufen traten alle Musikklassen der Jahrg\u00e4nge 7 bis 10 auf, die Big Band und die Streicher-Teenager,&hellip; <br \/> <a class=\"read-more\" href=\"https:\/\/goethe-schule-harburg.hamburg.de\/?page_id=423\">Weiterlesen<\/a><\/p>\n","protected":false},"author":186,"featured_media":0,"parent":39,"menu_order":60,"comment_status":"closed","ping_status":"closed","template":"","meta":{"_acf_changed":false,"footnotes":""},"class_list":["post-423","page","type-page","status-publish","hentry"],"acf":[],"_links":{"self":[{"href":"https:\/\/goethe-schule-harburg.hamburg.de\/index.php?rest_route=\/wp\/v2\/pages\/423","targetHints":{"allow":["GET"]}}],"collection":[{"href":"https:\/\/goethe-schule-harburg.hamburg.de\/index.php?rest_route=\/wp\/v2\/pages"}],"about":[{"href":"https:\/\/goethe-schule-harburg.hamburg.de\/index.php?rest_route=\/wp\/v2\/types\/page"}],"author":[{"embeddable":true,"href":"https:\/\/goethe-schule-harburg.hamburg.de\/index.php?rest_route=\/wp\/v2\/users\/186"}],"replies":[{"embeddable":true,"href":"https:\/\/goethe-schule-harburg.hamburg.de\/index.php?rest_route=%2Fwp%2Fv2%2Fcomments&post=423"}],"version-history":[{"count":9,"href":"https:\/\/goethe-schule-harburg.hamburg.de\/index.php?rest_route=\/wp\/v2\/pages\/423\/revisions"}],"predecessor-version":[{"id":9616,"href":"https:\/\/goethe-schule-harburg.hamburg.de\/index.php?rest_route=\/wp\/v2\/pages\/423\/revisions\/9616"}],"up":[{"embeddable":true,"href":"https:\/\/goethe-schule-harburg.hamburg.de\/index.php?rest_route=\/wp\/v2\/pages\/39"}],"wp:attachment":[{"href":"https:\/\/goethe-schule-harburg.hamburg.de\/index.php?rest_route=%2Fwp%2Fv2%2Fmedia&parent=423"}],"curies":[{"name":"wp","href":"https:\/\/api.w.org\/{rel}","templated":true}]}}