{"id":581,"date":"2015-07-04T10:40:57","date_gmt":"2015-07-04T08:40:57","guid":{"rendered":"http:\/\/goethe-schule-harburg.schulhomepages.hamburg.de\/?page_id=581"},"modified":"2019-04-20T12:30:35","modified_gmt":"2019-04-20T10:30:35","slug":"buecherausgabe","status":"publish","type":"page","link":"https:\/\/goethe-schule-harburg.hamburg.de\/?page_id=581","title":{"rendered":"B\u00fccherausgabe"},"content":{"rendered":"<h1>ZENTRALE LERNMITTELB\u00dcCHEREI<\/h1>\n<p>&nbsp;<\/p>\n<p>Auch <img loading=\"lazy\" decoding=\"async\" class=\"top alignright wp-image-676 size-full\" src=\"https:\/\/goethe-schule-harburg.hamburg.de\/wp-content\/uploads\/sites\/155\/2015\/07\/buecherausgabe.jpg\" alt=\"buecherausgabe\" width=\"300\" height=\"400\" srcset=\"https:\/\/goethe-schule-harburg.hamburg.de\/wp-content\/uploads\/sites\/155\/2015\/07\/buecherausgabe.jpg 300w, https:\/\/goethe-schule-harburg.hamburg.de\/wp-content\/uploads\/sites\/155\/2015\/07\/buecherausgabe-225x300.jpg 225w\" sizes=\"auto, (max-width: 300px) 100vw, 300px\" \/>in diesem Schuljahr werden alle B\u00fccher der Lernmittelliste, die jedes Jahr geliehen werden, zentral am Schuljahresanfang direkt an die Sch\u00fclerinnen und Sch\u00fcler ausgegeben. Jede Sch\u00fclerin und jeder Sch\u00fcler hat daf\u00fcr ein Leihkonto bei der Zentralen Lernmittelb\u00fccherei der GSH, in dem die genauen Exemplare mit Hilfe von Barcode-Nummern gespeichert sind. Dieses Konto kann jeder Sch\u00fcler unter IServ (Lehrmittelb\u00fccherei &gt; Meine ausgeliehenen Medien) selbst einsehen.<\/p>\n<p>Im Laufe eines Schuljahres wird es beispielsweise\u00a0durch Schul- oder Kurswechsel notwendig, ein Buch umzutauschen oder neu zu leihen. F\u00fcr solche F\u00e4lle ist die Zentrale Lernmittelb\u00fccherei im Keller des E-Geb\u00e4udes jede Woche au\u00dferhalb der regul\u00e4ren Ferien ge\u00f6ffnet. Die \u00d6ffnungszeiten bitte den aktuellen Aush\u00e4ngen entnehmen.<\/p>\n<p>Zum Ende eines Schuljahres bzw. zu den Abgangsterminen der Abschlussklassen wird es zentrale Annahmetermine geben, bei denen jeder und jede die M\u00f6glichkeit hat, seine bzw. ihre B\u00fccher in angemessenem Zustand wieder abzugeben. Diese Termine werden rechtzeitig bekannt gegeben. Die zentrale Buchausgabe wird von Herrn Friedrich organisiert.<\/p>\n<p>Kontaktaufnahme per E-Mail: <a href=\"mailto:\">peter.friedrich@goethe-schule-harburg.de<\/a><\/p>\n","protected":false},"excerpt":{"rendered":"<p>ZENTRALE LERNMITTELB\u00dcCHEREI &nbsp; Auch in diesem Schuljahr werden alle B\u00fccher der Lernmittelliste, die jedes Jahr geliehen werden, zentral am Schuljahresanfang direkt an die Sch\u00fclerinnen und Sch\u00fcler ausgegeben. Jede Sch\u00fclerin und jeder Sch\u00fcler hat daf\u00fcr ein Leihkonto bei der Zentralen Lernmittelb\u00fccherei der GSH, in dem die genauen Exemplare mit Hilfe von Barcode-Nummern gespeichert sind. Dieses Konto&hellip; <br \/> <a class=\"read-more\" href=\"https:\/\/goethe-schule-harburg.hamburg.de\/?page_id=581\">Weiterlesen<\/a><\/p>\n","protected":false},"author":275,"featured_media":0,"parent":376,"menu_order":0,"comment_status":"closed","ping_status":"closed","template":"","meta":{"_acf_changed":false,"footnotes":""},"class_list":["post-581","page","type-page","status-publish","hentry"],"acf":[],"_links":{"self":[{"href":"https:\/\/goethe-schule-harburg.hamburg.de\/index.php?rest_route=\/wp\/v2\/pages\/581","targetHints":{"allow":["GET"]}}],"collection":[{"href":"https:\/\/goethe-schule-harburg.hamburg.de\/index.php?rest_route=\/wp\/v2\/pages"}],"about":[{"href":"https:\/\/goethe-schule-harburg.hamburg.de\/index.php?rest_route=\/wp\/v2\/types\/page"}],"author":[{"embeddable":true,"href":"https:\/\/goethe-schule-harburg.hamburg.de\/index.php?rest_route=\/wp\/v2\/users\/275"}],"replies":[{"embeddable":true,"href":"https:\/\/goethe-schule-harburg.hamburg.de\/index.php?rest_route=%2Fwp%2Fv2%2Fcomments&post=581"}],"version-history":[{"count":2,"href":"https:\/\/goethe-schule-harburg.hamburg.de\/index.php?rest_route=\/wp\/v2\/pages\/581\/revisions"}],"predecessor-version":[{"id":906,"href":"https:\/\/goethe-schule-harburg.hamburg.de\/index.php?rest_route=\/wp\/v2\/pages\/581\/revisions\/906"}],"up":[{"embeddable":true,"href":"https:\/\/goethe-schule-harburg.hamburg.de\/index.php?rest_route=\/wp\/v2\/pages\/376"}],"wp:attachment":[{"href":"https:\/\/goethe-schule-harburg.hamburg.de\/index.php?rest_route=%2Fwp%2Fv2%2Fmedia&parent=581"}],"curies":[{"name":"wp","href":"https:\/\/api.w.org\/{rel}","templated":true}]}}