{"id":6081,"date":"2019-11-15T14:22:30","date_gmt":"2019-11-15T13:22:30","guid":{"rendered":"https:\/\/goethe-schule-harburg.schulhomepages.hamburg.de\/?page_id=6081"},"modified":"2023-10-13T21:37:06","modified_gmt":"2023-10-13T19:37:06","slug":"griffelkunst","status":"publish","type":"page","link":"https:\/\/goethe-schule-harburg.hamburg.de\/?page_id=6081","title":{"rendered":"Griffelkunst"},"content":{"rendered":"<h1>Ausstellung zum Kooperationsstart der<br \/>\nGriffelkunst-Vereinigung Hamburg e.V.<br \/>\nmit der Goethe-Schule-Harburg<\/h1>\n<p>Die GSH hat eine neue Kooperation! Mit der Kooperation zwischen unserer Schule und der Griffelkunst-Vereinigung Hamburg e.V. starten wir ein ganz besonderes Vorhaben im Rahmen der Begabungsf\u00f6rderung mit dem Ziel, das Interesse und die Liebe unserer Sch\u00fclerinnen und Sch\u00fcler zur bildenden Kunst zu f\u00f6rdern und anzuregen.<\/p>\n<p>Damit schlie\u00dfen wir an die Intentionen des Hamburger Volksschullehrers Johannes B\u00f6se (1879 &#8211; 1955) an, der im Jahr 1925 die Gesellschaft f\u00fcr Hamburgische Kunstfreunde gr\u00fcndete, um die Begeisterung junger und alter Menschen an der Auseinandersetzung mit Kunst und dem Sammeln originaler Graphiken zu wecken. Gleichzeitig bedeutete sein Engagement die F\u00f6rderung zeitgen\u00f6ssischer junger K\u00fcnstlerinnen und K\u00fcnstler.<\/p>\n<p>Zur Er\u00f6ffnung der Ausstellung in der GSH kamen Sch\u00fclerinnen und Sch\u00fcler unterschiedlicher Jahrgangsstufen mit Herrn Dr. Dobke, dem Gesch\u00e4ftsf\u00fchrer der griffelkunst, Frau Bedei, einer der verantwortlichen Mitarbeiterinnen f\u00fcr die Gestaltung von Ausstellungen bei der griffelkunst, unserer Schulleiterin Frau Schmidt sowie ihren Kunstlehrern und Kunstlehrerinnen zusammen. Die von nun an im Verwaltungstrakt zu besichtigenden Werke der Fotografin Barbara Probst und des K\u00fcnstlers Beat Zoderer wurden gemeinsam betrachtet. Alle lie\u00dfen sich von den zwei Originalen inspirieren, ihre Ideen auszutauschen. Danach jedoch gerieten schnell die Werke der Sch\u00fcler und Sch\u00fclerinnen in den Blick: Diese hatten sich im Vorfeld der Ausstellung von den K\u00fcnstleroriginalen anregen lassen, ihre eigenen Vorstellungen aufs Papier zu bringen. Die eigenen gemalten Vorstellungen in der Ausstellungsrunde vor ernsthaften Zuh\u00f6rern und Zuh\u00f6rerinnen erl\u00e4utern zu k\u00f6nnen, lie\u00df alle am Ende zufrieden strahlen.<\/p>\n<p>Nicht zuletzt bildete das Zusammentreffen von so unterschiedlichen Kunstschaffenden und -interessierten einen perfekten Auftakt f\u00fcr den weiteren Aufbau einer Sammlung von originalgraphischen Drucken f\u00fcr unsere Schule. Denn im Rahmen dieses besonderen Leuchtturmprojektes haben die Sch\u00fclerinnen und Sch\u00fcler die einzigartige M\u00f6glichkeit, halbj\u00e4hrlich aus den von der griffelkunst angebotenen Originalen Drucke auszuw\u00e4hlen, von denen sie \u00fcberzeugt sind, dass sie in unsere Schule geh\u00f6ren und unbedingt hier einer breiten \u00d6ffentlichkeit gezeigt werden m\u00fcssen!<\/p>\n<p>Zur Vorbereitung f\u00fcr diese nicht einfache Aufgabe haben die circa f\u00fcnfzehn Kinder und Jugendlichen an mehreren Terminen im Schuljahr die Gelegenheit, sich unter Anleitung ihrer Kunstlehrerin Frau Schmidt mit K\u00fcnstlern und K\u00fcnstlerinnen in deren Ateliers und Werkst\u00e4tten zu treffen, um \u00fcber Bilder, deren Herstellung und Machart, ihre Aussagen und Intentionen ins Gespr\u00e4ch zu kommen und so ihr eigenes k\u00fcnstlerisches Verst\u00e4ndnis zu erweitern.<\/p>\n<p>Wir sind dankbar und stolz und schauen mit Neugierde auf die in Zukunft in der GSH stetig anwachsende Zahl wunderbarer Bilder, Drucke und Fotografien.<\/p>\n<div class=\"rl-gallery-container rl-loading\" id=\"rl-gallery-container-1\" data-gallery_id=\"6080\"> <div class=\"rl-gallery rl-basicgrid-gallery \" id=\"rl-gallery-1\" data-gallery_no=\"1\"> <div class=\"rl-gallery-item\"><a href=\"https:\/\/goethe-schule-harburg.hamburg.de\/wp-content\/uploads\/sites\/155\/2019\/11\/Griffelkunst_3_klein.jpg\" title=\"\" data-rl_title=\"\" class=\"rl-gallery-link\" data-rl_caption=\"\" data-rel=\"lightbox-gallery-1\"><img loading=\"lazy\" decoding=\"async\" src=\"https:\/\/goethe-schule-harburg.hamburg.de\/wp-content\/uploads\/sites\/155\/2019\/11\/Griffelkunst_3_klein-300x180.jpg\" width=\"300\" height=\"180\" alt=\"\" \/><\/a><\/div><div class=\"rl-gallery-item\"><a href=\"https:\/\/goethe-schule-harburg.hamburg.de\/wp-content\/uploads\/sites\/155\/2019\/11\/Griffelkunst_2_klein.jpg\" title=\"\" data-rl_title=\"\" class=\"rl-gallery-link\" data-rl_caption=\"\" data-rel=\"lightbox-gallery-1\"><img loading=\"lazy\" decoding=\"async\" src=\"https:\/\/goethe-schule-harburg.hamburg.de\/wp-content\/uploads\/sites\/155\/2019\/11\/Griffelkunst_2_klein-300x185.jpg\" width=\"300\" height=\"185\" alt=\"\" \/><\/a><\/div><div class=\"rl-gallery-item\"><a href=\"https:\/\/goethe-schule-harburg.hamburg.de\/wp-content\/uploads\/sites\/155\/2019\/11\/Griffelkunst_1_klein.jpg\" title=\"\" data-rl_title=\"\" class=\"rl-gallery-link\" data-rl_caption=\"\" data-rel=\"lightbox-gallery-1\"><img loading=\"lazy\" decoding=\"async\" src=\"https:\/\/goethe-schule-harburg.hamburg.de\/wp-content\/uploads\/sites\/155\/2019\/11\/Griffelkunst_1_klein-300x195.jpg\" width=\"300\" height=\"195\" alt=\"\" \/><\/a><\/div> <\/div> <\/div>\n","protected":false},"excerpt":{"rendered":"<p>Ausstellung zum Kooperationsstart der Griffelkunst-Vereinigung Hamburg e.V. mit der Goethe-Schule-Harburg Die GSH hat eine neue Kooperation! Mit der Kooperation zwischen unserer Schule und der Griffelkunst-Vereinigung Hamburg e.V. starten wir ein ganz besonderes Vorhaben im Rahmen der Begabungsf\u00f6rderung mit dem Ziel, das Interesse und die Liebe unserer Sch\u00fclerinnen und Sch\u00fcler zur bildenden Kunst zu f\u00f6rdern und&hellip; <br \/> <a class=\"read-more\" href=\"https:\/\/goethe-schule-harburg.hamburg.de\/?page_id=6081\">Weiterlesen<\/a><\/p>\n","protected":false},"author":889,"featured_media":0,"parent":0,"menu_order":0,"comment_status":"closed","ping_status":"closed","template":"","meta":{"_acf_changed":false,"footnotes":""},"class_list":["post-6081","page","type-page","status-publish","hentry"],"acf":[],"_links":{"self":[{"href":"https:\/\/goethe-schule-harburg.hamburg.de\/index.php?rest_route=\/wp\/v2\/pages\/6081","targetHints":{"allow":["GET"]}}],"collection":[{"href":"https:\/\/goethe-schule-harburg.hamburg.de\/index.php?rest_route=\/wp\/v2\/pages"}],"about":[{"href":"https:\/\/goethe-schule-harburg.hamburg.de\/index.php?rest_route=\/wp\/v2\/types\/page"}],"author":[{"embeddable":true,"href":"https:\/\/goethe-schule-harburg.hamburg.de\/index.php?rest_route=\/wp\/v2\/users\/889"}],"replies":[{"embeddable":true,"href":"https:\/\/goethe-schule-harburg.hamburg.de\/index.php?rest_route=%2Fwp%2Fv2%2Fcomments&post=6081"}],"version-history":[{"count":1,"href":"https:\/\/goethe-schule-harburg.hamburg.de\/index.php?rest_route=\/wp\/v2\/pages\/6081\/revisions"}],"predecessor-version":[{"id":9412,"href":"https:\/\/goethe-schule-harburg.hamburg.de\/index.php?rest_route=\/wp\/v2\/pages\/6081\/revisions\/9412"}],"wp:attachment":[{"href":"https:\/\/goethe-schule-harburg.hamburg.de\/index.php?rest_route=%2Fwp%2Fv2%2Fmedia&parent=6081"}],"curies":[{"name":"wp","href":"https:\/\/api.w.org\/{rel}","templated":true}]}}