{"id":7303,"date":"2021-02-13T14:29:01","date_gmt":"2021-02-13T13:29:01","guid":{"rendered":"https:\/\/goethe-schule-harburg.hamburg.de\/?page_id=7303"},"modified":"2023-10-03T20:21:05","modified_gmt":"2023-10-03T18:21:05","slug":"jugendmusikschule","status":"publish","type":"page","link":"https:\/\/goethe-schule-harburg.hamburg.de\/?page_id=7303","title":{"rendered":"Jugendmusikschule"},"content":{"rendered":"<h1>KOOPERATION MIT DER STAATLICHEN JUGENDMUSIKSCHULE HAMBURG<\/h1>\n<div id=\"attachment_1576\" style=\"width: 210px\" class=\"wp-caption alignleft\"><a href=\"https:\/\/goethe-schule-harburg.hamburg.de\/wp-content\/uploads\/sites\/155\/2021\/02\/JMS_Logo.jpg\" data-rel=\"lightbox\" data-rl_title=\"\" data-rl_caption=\"\" title=\"\"><img loading=\"lazy\" decoding=\"async\" aria-describedby=\"caption-attachment-1576\" class=\"wp-image-1576 size-medium\" src=\"https:\/\/goethe-schule-harburg.hamburg.de\/wp-content\/uploads\/sites\/155\/2021\/02\/JMS_Logo.jpg\" width=\"200\" height=\"100\"><\/a><p id=\"caption-attachment-1576\" class=\"wp-caption-text\">Staatliche Jugendmusikschule Hamburg<\/p><\/div>\n<p>Durch die Kooperation mit der Staatlichen Jugendmusikschule Hamburg (JMS) haben wir eine wichtige kulturelle Institution direkt vor Ort. An der Goethe-Schule-Harburg befindet sich das Stadtbereichsb\u00fcro und somit die Zentrale f\u00fcr den Stadtbereich S\u00fcd-Harburg mit dem Haupt-Unterrichtsangebot. In Zusammenarbeit mit der Jugendmusikschule bieten wir folgende Unterrichtsangebote:<\/p>\n<p>&nbsp;<\/p>\n<p>&nbsp;<\/p>\n<p>&nbsp;<\/p>\n<ul>\n<li><strong>In direkter Kooperation als schulfinanziertes Angebot der Schule f\u00fcr die Sch\u00fcler\/innen der 6. Klassen: Bl\u00e4serkurse f\u00fcr die Instrumente Querfl\u00f6te, Saxofon und Trompete<\/strong><\/li>\n<li><strong>Im Nachmittagsunterricht: Akkordeon, Blockfl\u00f6te, Gesang (popular), Klavier, Klarinette, Posaune, Querfl\u00f6te, Saxofon, Schlagzeug, Violine, Viola<\/strong><\/li>\n<\/ul>\n<p>Dieser Nachmittagsunterricht kann direkt \u00fcber die Jugendmusikschule angemeldet werden und findet im Einzel- und Gruppenunterricht statt. (F\u00fcr den geb\u00fchrenpflichtigen JMS-Unterricht ist auf Antrag eine Geb\u00fchrenerm\u00e4\u00dfigung bis zu vollst\u00e4ndigem Erlass m\u00f6glich). Dar\u00fcber hinaus hat die Jugendmusikschule noch weiteren Grundfachunterricht, Instrumental- und Gesangsunterricht an weiteren Schulstandorten im Angebot.<\/p>\n<p>Weitere Informationen gibt es unter:<br \/>\n<a href=\"https:\/\/www.hamburg.de\/jugendmusikschule\/\"><strong>Staatliche Jugendmusikschule, Stadtbereich S\u00fcd\/Harburg<\/strong><\/a><br \/>\nEi\u00dfendorfer Stra\u00dfe 26, 21073 Hamburg<br \/>\nTel. 42801-2337, Fax 767 67 95<br \/>\nE-Mail: <a href=\"mailto:jugendmusikschule-sued-harburg@bsb.hamburg.de\">jugendmusikschule-sued-harburg@bsb.hamburg.de<\/a><br \/>\nLeitung Stadtbereich S\u00fcd: Katrin Steinbach, Assistenz: Maria Muntean<br \/>\nSprechzeiten zur Beratung: Mo 10-13 Uhr, Di 10-12 Uhr und Do 14-17 Uhr<\/p>\n","protected":false},"excerpt":{"rendered":"<p>KOOPERATION MIT DER STAATLICHEN JUGENDMUSIKSCHULE HAMBURG Durch die Kooperation mit der Staatlichen Jugendmusikschule Hamburg (JMS) haben wir eine wichtige kulturelle Institution direkt vor Ort. An der Goethe-Schule-Harburg befindet sich das Stadtbereichsb\u00fcro und somit die Zentrale f\u00fcr den Stadtbereich S\u00fcd-Harburg mit dem Haupt-Unterrichtsangebot. In Zusammenarbeit mit der Jugendmusikschule bieten wir folgende Unterrichtsangebote: &nbsp; &nbsp; &nbsp; In&hellip; <br \/> <a class=\"read-more\" href=\"https:\/\/goethe-schule-harburg.hamburg.de\/?page_id=7303\">Weiterlesen<\/a><\/p>\n","protected":false},"author":889,"featured_media":0,"parent":0,"menu_order":0,"comment_status":"closed","ping_status":"closed","template":"","meta":{"_acf_changed":false,"footnotes":""},"class_list":["post-7303","page","type-page","status-publish","hentry"],"acf":[],"_links":{"self":[{"href":"https:\/\/goethe-schule-harburg.hamburg.de\/index.php?rest_route=\/wp\/v2\/pages\/7303","targetHints":{"allow":["GET"]}}],"collection":[{"href":"https:\/\/goethe-schule-harburg.hamburg.de\/index.php?rest_route=\/wp\/v2\/pages"}],"about":[{"href":"https:\/\/goethe-schule-harburg.hamburg.de\/index.php?rest_route=\/wp\/v2\/types\/page"}],"author":[{"embeddable":true,"href":"https:\/\/goethe-schule-harburg.hamburg.de\/index.php?rest_route=\/wp\/v2\/users\/889"}],"replies":[{"embeddable":true,"href":"https:\/\/goethe-schule-harburg.hamburg.de\/index.php?rest_route=%2Fwp%2Fv2%2Fcomments&post=7303"}],"version-history":[{"count":17,"href":"https:\/\/goethe-schule-harburg.hamburg.de\/index.php?rest_route=\/wp\/v2\/pages\/7303\/revisions"}],"predecessor-version":[{"id":9343,"href":"https:\/\/goethe-schule-harburg.hamburg.de\/index.php?rest_route=\/wp\/v2\/pages\/7303\/revisions\/9343"}],"wp:attachment":[{"href":"https:\/\/goethe-schule-harburg.hamburg.de\/index.php?rest_route=%2Fwp%2Fv2%2Fmedia&parent=7303"}],"curies":[{"name":"wp","href":"https:\/\/api.w.org\/{rel}","templated":true}]}}