{"id":7777,"date":"2021-05-28T11:39:10","date_gmt":"2021-05-28T09:39:10","guid":{"rendered":"https:\/\/goethe-schule-harburg.hamburg.de\/?page_id=7777"},"modified":"2021-05-28T11:39:10","modified_gmt":"2021-05-28T09:39:10","slug":"fortbildungen","status":"publish","type":"page","link":"https:\/\/goethe-schule-harburg.hamburg.de\/?page_id=7777","title":{"rendered":"Fortbildungen"},"content":{"rendered":"<h1>FORTBILDUNGEN<\/h1>\n<p>Wir sehen es als unsere Aufgabe an, unser Kollegium f\u00fcr verschiedene Diskriminierungsformen zu sensibilisieren, ihnen dazu regelm\u00e4\u00dfig Informationen zukommen zu lassen und sie dazu zu motivieren, diese Themen auch mit ihren Sch\u00fclerinnen und Sch\u00fclern zu behandeln.<br \/>\nAu\u00dferdem organisieren wir Fortbildungen f\u00fcr das Kollegium, um eine tiefergehende Auseinandersetzung mit Themen wie beispielsweise Migrationsgeschichte der Sch\u00fclerinnen und Sch\u00fcler oder Diskriminierung im Schulalltag zu erreichen und die Kompetenzen der Kolleginnen und Kollegen zu st\u00e4rken, sodass sie in die Lage versetzt werden, auf ihre diverse Sch\u00fclerschaft eingehen zu k\u00f6nnen. <\/p>\n","protected":false},"excerpt":{"rendered":"<p>FORTBILDUNGEN Wir sehen es als unsere Aufgabe an, unser Kollegium f\u00fcr verschiedene Diskriminierungsformen zu sensibilisieren, ihnen dazu regelm\u00e4\u00dfig Informationen zukommen zu lassen und sie dazu zu motivieren, diese Themen auch mit ihren Sch\u00fclerinnen und Sch\u00fclern zu behandeln. Au\u00dferdem organisieren wir Fortbildungen f\u00fcr das Kollegium, um eine tiefergehende Auseinandersetzung mit Themen wie beispielsweise Migrationsgeschichte der Sch\u00fclerinnen&hellip; <br \/> <a class=\"read-more\" href=\"https:\/\/goethe-schule-harburg.hamburg.de\/?page_id=7777\">Weiterlesen<\/a><\/p>\n","protected":false},"author":889,"featured_media":0,"parent":0,"menu_order":0,"comment_status":"closed","ping_status":"closed","template":"","meta":{"_acf_changed":false,"footnotes":""},"class_list":["post-7777","page","type-page","status-publish","hentry"],"acf":[],"_links":{"self":[{"href":"https:\/\/goethe-schule-harburg.hamburg.de\/index.php?rest_route=\/wp\/v2\/pages\/7777","targetHints":{"allow":["GET"]}}],"collection":[{"href":"https:\/\/goethe-schule-harburg.hamburg.de\/index.php?rest_route=\/wp\/v2\/pages"}],"about":[{"href":"https:\/\/goethe-schule-harburg.hamburg.de\/index.php?rest_route=\/wp\/v2\/types\/page"}],"author":[{"embeddable":true,"href":"https:\/\/goethe-schule-harburg.hamburg.de\/index.php?rest_route=\/wp\/v2\/users\/889"}],"replies":[{"embeddable":true,"href":"https:\/\/goethe-schule-harburg.hamburg.de\/index.php?rest_route=%2Fwp%2Fv2%2Fcomments&post=7777"}],"version-history":[{"count":1,"href":"https:\/\/goethe-schule-harburg.hamburg.de\/index.php?rest_route=\/wp\/v2\/pages\/7777\/revisions"}],"predecessor-version":[{"id":7778,"href":"https:\/\/goethe-schule-harburg.hamburg.de\/index.php?rest_route=\/wp\/v2\/pages\/7777\/revisions\/7778"}],"wp:attachment":[{"href":"https:\/\/goethe-schule-harburg.hamburg.de\/index.php?rest_route=%2Fwp%2Fv2%2Fmedia&parent=7777"}],"curies":[{"name":"wp","href":"https:\/\/api.w.org\/{rel}","templated":true}]}}