{"id":791,"date":"2015-07-23T12:34:29","date_gmt":"2015-07-23T10:34:29","guid":{"rendered":"http:\/\/goethe-schule-harburg.schulhomepages.hamburg.de\/?page_id=791"},"modified":"2024-02-12T12:47:04","modified_gmt":"2024-02-12T11:47:04","slug":"kunst","status":"publish","type":"page","link":"https:\/\/goethe-schule-harburg.hamburg.de\/?page_id=791","title":{"rendered":"Bildende Kunst"},"content":{"rendered":"<p><strong><span style=\"font-size: 18pt\"><a href=\"https:\/\/goethe-schule-harburg.hamburg.de\/?page_id=9756\" target=\"_blank\" rel=\"noopener\">Zur Galerie<\/a><\/span><\/strong><\/p>\n<p>Die gestaltete Umwelt verstehen, mit Bildern kommunizieren, verschiedene k\u00fcnstlerische Darstellungsformen beherrschen und auch Imagination und Kreativit\u00e4t entfalten; das sind Ziele bei der Auseinandersetzung mit Kunst. Diese Auseinandersetzung findet nat\u00fcrlich im Kunstunterricht statt, aber auch in Projekten, in Zusammenarbeit mit K\u00fcnstlerinnen und Kunstschaffenden, bei Museumsbesuchen oder f\u00e4cher\u00fcbergreifend in den Profilklassen. Im Zentrum steht dabei das Gestalten \u00e4sthetischer Produkte und das Wahrnehmen, Beschreiben und Deuten von Kunst. Als schulspezifischer Schwerpunkt ist dar\u00fcberhinaus das Pr\u00e4sentieren der entstandenen Werke wichtig. Grunds\u00e4tzlich kann \u2013 wenn man sich mit Kunst besch\u00e4ftigt \u2013 fast uneingeschr\u00e4nkt Folgendes gelten:<br \/>\nJede Art von Kunst ist gut, au\u00dfer der, die langweilig ist. \u2013 Voltaire<\/p>\n<p>&nbsp;<\/p>\n","protected":false},"excerpt":{"rendered":"<p>Zur Galerie Die gestaltete Umwelt verstehen, mit Bildern kommunizieren, verschiedene k\u00fcnstlerische Darstellungsformen beherrschen und auch Imagination und Kreativit\u00e4t entfalten; das sind Ziele bei der Auseinandersetzung mit Kunst. Diese Auseinandersetzung findet nat\u00fcrlich im Kunstunterricht statt, aber auch in Projekten, in Zusammenarbeit mit K\u00fcnstlerinnen und Kunstschaffenden, bei Museumsbesuchen oder f\u00e4cher\u00fcbergreifend in den Profilklassen. Im Zentrum steht dabei&hellip; <br \/> <a class=\"read-more\" href=\"https:\/\/goethe-schule-harburg.hamburg.de\/?page_id=791\">Weiterlesen<\/a><\/p>\n","protected":false},"author":275,"featured_media":0,"parent":39,"menu_order":0,"comment_status":"closed","ping_status":"closed","template":"","meta":{"_acf_changed":false,"footnotes":""},"class_list":["post-791","page","type-page","status-publish","hentry"],"acf":[],"_links":{"self":[{"href":"https:\/\/goethe-schule-harburg.hamburg.de\/index.php?rest_route=\/wp\/v2\/pages\/791","targetHints":{"allow":["GET"]}}],"collection":[{"href":"https:\/\/goethe-schule-harburg.hamburg.de\/index.php?rest_route=\/wp\/v2\/pages"}],"about":[{"href":"https:\/\/goethe-schule-harburg.hamburg.de\/index.php?rest_route=\/wp\/v2\/types\/page"}],"author":[{"embeddable":true,"href":"https:\/\/goethe-schule-harburg.hamburg.de\/index.php?rest_route=\/wp\/v2\/users\/275"}],"replies":[{"embeddable":true,"href":"https:\/\/goethe-schule-harburg.hamburg.de\/index.php?rest_route=%2Fwp%2Fv2%2Fcomments&post=791"}],"version-history":[{"count":5,"href":"https:\/\/goethe-schule-harburg.hamburg.de\/index.php?rest_route=\/wp\/v2\/pages\/791\/revisions"}],"predecessor-version":[{"id":9758,"href":"https:\/\/goethe-schule-harburg.hamburg.de\/index.php?rest_route=\/wp\/v2\/pages\/791\/revisions\/9758"}],"up":[{"embeddable":true,"href":"https:\/\/goethe-schule-harburg.hamburg.de\/index.php?rest_route=\/wp\/v2\/pages\/39"}],"wp:attachment":[{"href":"https:\/\/goethe-schule-harburg.hamburg.de\/index.php?rest_route=%2Fwp%2Fv2%2Fmedia&parent=791"}],"curies":[{"name":"wp","href":"https:\/\/api.w.org\/{rel}","templated":true}]}}